{"id":1030,"date":"2014-04-04T10:54:39","date_gmt":"2014-04-04T08:54:39","guid":{"rendered":"https:\/\/www.sauletekio.vilniausr.lm.lt\/?page_id=1030"},"modified":"2020-03-10T09:24:50","modified_gmt":"2020-03-10T07:24:50","slug":"krikscioniskos-muzikos-festivalis-liejas-malone","status":"publish","type":"page","link":"https:\/\/www.sauletekio.vilniausr.lm.lt\/?page_id=1030","title":{"rendered":"Muzikos festivalis \u201eLiejas malon\u0117\u201c"},"content":{"rendered":"<div class=\"fcbkbttn_buttons_block\" id=\"fcbkbttn_left\"><div class=\"fcbkbttn_like \"><fb:like href=\"https:\/\/www.sauletekio.vilniausr.lm.lt\/?page_id=1030\" action=\"like\" colorscheme=\"light\" layout=\"button_count\"  size=\"small\"><\/fb:like><\/div><div class=\"fb-share-button  \" data-href=\"https:\/\/www.sauletekio.vilniausr.lm.lt\/?page_id=1030\" data-type=\"button_count\" data-size=\"small\"><\/div><\/div>\n<p>1. <strong><a rel=\"noreferrer noopener\" href=\"https:\/\/www.youtube.com\/watch?v=zKNeAF2MSKk\" target=\"_blank\">Krik\u0161\u010dioni\u0161ko muzikos festivalio \u201eLIEJAS MALON\u0116\u201c nuostatai.<\/a><\/strong><\/p>\n","protected":false},"excerpt":{"rendered":"<p>1. Krik\u0161\u010dioni\u0161ko muzikos festivalio \u201eLIEJAS MALON\u0116\u201c nuostatai.<\/p>\n<p> <a class=\"continue-reading-link\" href=\"https:\/\/www.sauletekio.vilniausr.lm.lt\/?page_id=1030\"><span>T\u0119sti skaitym\u0105<\/span><i class=\"crycon-right-dir\"><\/i><\/a> <\/p>\n","protected":false},"author":1,"featured_media":0,"parent":268,"menu_order":1,"comment_status":"closed","ping_status":"closed","template":"","meta":{"_uag_custom_page_level_css":"","advgb_blocks_editor_width":"","advgb_blocks_columns_visual_guide":"","ngg_post_thumbnail":0,"footnotes":""},"class_list":["post-1030","page","type-page","status-publish","hentry"],"uagb_featured_image_src":{"full":false,"thumbnail":false,"medium":false,"medium_large":false,"large":false,"1536x1536":false,"2048x2048":false,"post-thumbnail":false,"header":false,"slider":false,"columns":false,"custom":false},"uagb_author_info":{"display_name":"admin","author_link":"https:\/\/www.sauletekio.vilniausr.lm.lt\/?author=1"},"uagb_comment_info":0,"uagb_excerpt":"1. Krik\u0161\u010dioni\u0161ko muzikos festivalio \u201eLIEJAS MALON\u0116\u201c nuostatai. T\u0119sti skaitym\u0105","coauthors":[],"author_meta":{"author_link":"https:\/\/www.sauletekio.vilniausr.lm.lt\/?author=1","display_name":"admin"},"relative_dates":{"created":"Posted 12 met\u0173 ago","modified":"Updated 6 metai ago"},"absolute_dates":{"created":"Posted on 2014-04-04","modified":"Updated on 2020-03-10"},"absolute_dates_time":{"created":"Posted on 2014-04-04 10:54","modified":"Updated on 2020-03-10 9:24"},"featured_img_caption":"","featured_img":false,"series_order":"","_links":{"self":[{"href":"https:\/\/www.sauletekio.vilniausr.lm.lt\/index.php?rest_route=\/wp\/v2\/pages\/1030","targetHints":{"allow":["GET"]}}],"collection":[{"href":"https:\/\/www.sauletekio.vilniausr.lm.lt\/index.php?rest_route=\/wp\/v2\/pages"}],"about":[{"href":"https:\/\/www.sauletekio.vilniausr.lm.lt\/index.php?rest_route=\/wp\/v2\/types\/page"}],"author":[{"embeddable":true,"href":"https:\/\/www.sauletekio.vilniausr.lm.lt\/index.php?rest_route=\/wp\/v2\/users\/1"}],"replies":[{"embeddable":true,"href":"https:\/\/www.sauletekio.vilniausr.lm.lt\/index.php?rest_route=%2Fwp%2Fv2%2Fcomments&post=1030"}],"version-history":[{"count":10,"href":"https:\/\/www.sauletekio.vilniausr.lm.lt\/index.php?rest_route=\/wp\/v2\/pages\/1030\/revisions"}],"predecessor-version":[{"id":10838,"href":"https:\/\/www.sauletekio.vilniausr.lm.lt\/index.php?rest_route=\/wp\/v2\/pages\/1030\/revisions\/10838"}],"up":[{"embeddable":true,"href":"https:\/\/www.sauletekio.vilniausr.lm.lt\/index.php?rest_route=\/wp\/v2\/pages\/268"}],"wp:attachment":[{"href":"https:\/\/www.sauletekio.vilniausr.lm.lt\/index.php?rest_route=%2Fwp%2Fv2%2Fmedia&parent=1030"}],"curies":[{"name":"wp","href":"https:\/\/api.w.org\/{rel}","templated":true}]}}

Muzikos festivalis „Liejas malonė“

<div class="fcbkbttn_buttons_block" id="fcbkbttn_left"><div class="fcbkbttn_like "><fb:like href="https://www.sauletekio.vilniausr.lm.lt/?page_id=1030" action="like" colorscheme="light" layout="button_count"  size="small"></fb:like></div><div class="fb-share-button  " data-href="https://www.sauletekio.vilniausr.lm.lt/?page_id=1030" data-type="button_count" data-size="small"></div></div>
<p>1. <strong><a rel="noreferrer noopener" href="https://www.youtube.com/watch?v=zKNeAF2MSKk" target="_blank">Krikščioniško muzikos festivalio „LIEJAS MALONĖ“ nuostatai.</a></strong></p>

<p>1. Krikščioniško muzikos festivalio „LIEJAS MALONĖ“ nuostatai.</p>
<p> <a class="continue-reading-link" href="https://www.sauletekio.vilniausr.lm.lt/?page_id=1030"><span>Tęsti skaitymą</span><i class="crycon-right-dir"></i></a> </p>

1. Krikščioniško muzikos festivalio „LIEJAS MALONĖ“ nuostatai. Tęsti skaitymą

Posted 12 metų ago
