{"id":112,"date":"2011-01-25T21:06:41","date_gmt":"2011-01-25T19:06:41","guid":{"rendered":"http:\/\/127.0.0.1\/wordpress\/wordpress\/?page_id=112"},"modified":"2025-02-28T14:09:15","modified_gmt":"2025-02-28T11:09:15","slug":"kontaktai-2","status":"publish","type":"page","link":"https:\/\/www.sauletekio.vilniausr.lm.lt\/?page_id=112","title":{"rendered":"Mokyklos kontaktin\u0117 informacija"},"content":{"rendered":"<div class=\"fcbkbttn_buttons_block\" id=\"fcbkbttn_left\"><div class=\"fcbkbttn_like \"><fb:like href=\"https:\/\/www.sauletekio.vilniausr.lm.lt\/?page_id=112\" action=\"like\" colorscheme=\"light\" layout=\"button_count\"  size=\"small\"><\/fb:like><\/div><div class=\"fb-share-button  \" data-href=\"https:\/\/www.sauletekio.vilniausr.lm.lt\/?page_id=112\" data-type=\"button_count\" data-size=\"small\"><\/div><\/div>\n<p><strong>Vilniaus r. Bezdoni\u0173 \u201eSaul\u0117tekio\u201c pagrindin\u0117 mokykla<\/strong><\/p>\n\n\n\n<p>Adresas: Gele\u017einkelio g. 40, Bezdoni\u0173 mstl., Bezdoni\u0173 sen., LT-15201 Vilniaus r.<\/p>\n\n\n\n<p>Tel. (0 5) 269 6422<\/p>\n\n\n\n<p>Faksas (0 5) 269 6422<\/p>\n\n\n\n<p>El. pa\u0161to adresas <a href=\"mailto:pagrindine@sauletekio.vilniausr.lm.lt\">pagrindine@sauletekio.vilniausr.lm.lt<\/a><\/p>\n\n\n\n<p>Interneto svetain\u0117s adresas <a href=\"http:\/\/www.sauletekio.vilniausr.lm.lt\">www.sauletekio.vilniausr.lm.lt<\/a><\/p>\n\n\n\n<p>Socialinio bendravimo interneto svetain\u0117s adresas: \u201eFacebook\u201c<\/p>\n\n\n\n<p>Mokyklos teisin\u0117 forma \u2013 biud\u017eetin\u0117 \u012fstaiga.<\/p>\n\n\n\n<p>\u012estaigos kodas 291317980<\/p>\n\n\n\n<p>Duomenys kaupiami&nbsp; ir saugomi Juridini\u0173 asmen\u0173 registre.&nbsp;<\/p>\n\n\n\n<p>Mokyklos savininkas \u2013 Vilniaus rajono savivaldyb\u0117, identifikavimo kodas 111104987, LT-09318, Rinktin\u0117s g. 50, Vilnius.<\/p>\n\n\n\n<p>Vykdomos \u0161vietimo programos \u2013 prie\u0161mokyklinio, pradinio, pagrindinio ugdymo programos, neformaliojo vaik\u0173 \u0161vietimo. Mokykla skyri\u0173 neturi.<\/p>\n\n\n\n<p>Mokymo \/ ugdymo kalba \u2013 lietuvi\u0173.<\/p>\n\n\n\n<p>Sekretor\u0117: Sonata Osipovi\u010d, tel. \/ faks. (0 5) 269 6422, el. pa\u0161tas <a href=\"mailto:pagrindine@sauletekio.vilniausr.lm.lt\">pagrindine@sauletekio.vilniausr.lm.lt<\/a>, darbo laikas 7.15:11.30, 12.00:15.45<\/p>\n\n\n\n<p>Mokykloje valstybin\u0117s kalbos nemokantys asmenys gali b\u016bti aptarnaujami lenk\u0173, rus\u0173 kalbomis.<\/p>\n\n\n\t\t\t<div \n\t\t\tclass=\"wp-block-uagb-google-map uagb-google-map__wrap uagb-block-9edc7e6f      advgb-block-9edc7e6f\"\n\t\t\tstyle=\"\" >\n\t\t\t\t<embed\n\t\t\t\t\tclass=\"uagb-google-map__iframe\"\n\t\t\t\t\ttitle=\"Google Map for \"\n\t\t\t\t\tsrc=\"https:\/\/maps.google.com\/maps?q=Bezdoni%C5%B3%20Saul%C4%97tekio%20pagrindin%C4%97%20mokykla&#038;z=15&#038;hl=lt&#038;t=m&#038;output=embed&#038;iwloc=near\"\n\t\t\t\t\twidth=\"640\"\n\t\t\t\t\theight=\"264\"\n\t\t\t\t\tloading=\"lazy\"\n\t\t\t\t><\/embed>\n\t\t\t<\/div>\n\t\t\t","protected":false},"excerpt":{"rendered":"<p>Vilniaus r. Bezdoni\u0173 \u201eSaul\u0117tekio\u201c pagrindin\u0117 mokykla Adresas: Gele\u017einkelio g. 40, Bezdoni\u0173 mstl., Bezdoni\u0173 sen., LT-15201 Vilniaus r. Tel. (0 5) 269 6422 Faksas (0 5) 269 6422 El. pa\u0161to adresas pagrindine@sauletekio.vilniausr.lm.lt Interneto svetain\u0117s adresas www.sauletekio.vilniausr.lm.lt Socialinio bendravimo interneto svetain\u0117s adresas: \u201eFacebook\u201c Mokyklos teisin\u0117 forma \u2013 biud\u017eetin\u0117 \u012fstaiga. \u012estaigos kodas 291317980&#8230;<\/p>\n<p> <a class=\"continue-reading-link\" href=\"https:\/\/www.sauletekio.vilniausr.lm.lt\/?page_id=112\"><span>T\u0119sti skaitym\u0105<\/span><i class=\"crycon-right-dir\"><\/i><\/a> <\/p>\n","protected":false},"author":1,"featured_media":0,"parent":632,"menu_order":0,"comment_status":"closed","ping_status":"closed","template":"","meta":{"_uag_custom_page_level_css":"","advgb_blocks_editor_width":"","advgb_blocks_columns_visual_guide":"","ngg_post_thumbnail":0,"footnotes":""},"class_list":["post-112","page","type-page","status-publish","hentry"],"uagb_featured_image_src":{"full":false,"thumbnail":false,"medium":false,"medium_large":false,"large":false,"1536x1536":false,"2048x2048":false,"post-thumbnail":false,"header":false,"slider":false,"columns":false,"custom":false},"uagb_author_info":{"display_name":"admin","author_link":"https:\/\/www.sauletekio.vilniausr.lm.lt\/?author=1"},"uagb_comment_info":0,"uagb_excerpt":"Vilniaus r. Bezdoni\u0173 \u201eSaul\u0117tekio\u201c pagrindin\u0117 mokykla Adresas: Gele\u017einkelio g. 40, Bezdoni\u0173 mstl., Bezdoni\u0173 sen., LT-15201 Vilniaus r. Tel. (0 5) 269 6422 Faksas (0 5) 269 6422 El. pa\u0161to adresas pagrindine@sauletekio.vilniausr.lm.lt Interneto svetain\u0117s adresas www.sauletekio.vilniausr.lm.lt Socialinio bendravimo interneto svetain\u0117s adresas: \u201eFacebook\u201c Mokyklos teisin\u0117 forma \u2013 biud\u017eetin\u0117 \u012fstaiga. \u012estaigos kodas 291317980... T\u0119sti skaitym\u0105","coauthors":[],"author_meta":{"author_link":"https:\/\/www.sauletekio.vilniausr.lm.lt\/?author=1","display_name":"admin"},"relative_dates":{"created":"Posted 15 met\u0173 ago","modified":"Updated 1 metai ago"},"absolute_dates":{"created":"Posted on 2011-01-25","modified":"Updated on 2025-02-28"},"absolute_dates_time":{"created":"Posted on 2011-01-25 21:06","modified":"Updated on 2025-02-28 14:09"},"featured_img_caption":"","featured_img":false,"series_order":"","_links":{"self":[{"href":"https:\/\/www.sauletekio.vilniausr.lm.lt\/index.php?rest_route=\/wp\/v2\/pages\/112","targetHints":{"allow":["GET"]}}],"collection":[{"href":"https:\/\/www.sauletekio.vilniausr.lm.lt\/index.php?rest_route=\/wp\/v2\/pages"}],"about":[{"href":"https:\/\/www.sauletekio.vilniausr.lm.lt\/index.php?rest_route=\/wp\/v2\/types\/page"}],"author":[{"embeddable":true,"href":"https:\/\/www.sauletekio.vilniausr.lm.lt\/index.php?rest_route=\/wp\/v2\/users\/1"}],"replies":[{"embeddable":true,"href":"https:\/\/www.sauletekio.vilniausr.lm.lt\/index.php?rest_route=%2Fwp%2Fv2%2Fcomments&post=112"}],"version-history":[{"count":42,"href":"https:\/\/www.sauletekio.vilniausr.lm.lt\/index.php?rest_route=\/wp\/v2\/pages\/112\/revisions"}],"predecessor-version":[{"id":20486,"href":"https:\/\/www.sauletekio.vilniausr.lm.lt\/index.php?rest_route=\/wp\/v2\/pages\/112\/revisions\/20486"}],"up":[{"embeddable":true,"href":"https:\/\/www.sauletekio.vilniausr.lm.lt\/index.php?rest_route=\/wp\/v2\/pages\/632"}],"wp:attachment":[{"href":"https:\/\/www.sauletekio.vilniausr.lm.lt\/index.php?rest_route=%2Fwp%2Fv2%2Fmedia&parent=112"}],"curies":[{"name":"wp","href":"https:\/\/api.w.org\/{rel}","templated":true}]}}