{"id":1322,"date":"2014-09-16T09:52:31","date_gmt":"2014-09-16T07:52:31","guid":{"rendered":"https:\/\/www.sauletekio.vilniausr.lm.lt\/?page_id=1322"},"modified":"2023-05-23T20:49:22","modified_gmt":"2023-05-23T18:49:22","slug":"nuorodos","status":"publish","type":"page","link":"https:\/\/www.sauletekio.vilniausr.lm.lt\/?page_id=1322","title":{"rendered":"Nuorodos"},"content":{"rendered":"<div class=\"fcbkbttn_buttons_block\" id=\"fcbkbttn_left\"><div class=\"fcbkbttn_like \"><fb:like href=\"https:\/\/www.sauletekio.vilniausr.lm.lt\/?page_id=1322\" action=\"like\" colorscheme=\"light\" layout=\"button_count\"  size=\"small\"><\/fb:like><\/div><div class=\"fb-share-button  \" data-href=\"https:\/\/www.sauletekio.vilniausr.lm.lt\/?page_id=1322\" data-type=\"button_count\" data-size=\"small\"><\/div><\/div>\n<p>Elektroninis dienynas <a href=\"https:\/\/www.tamo.lt\">https:\/\/www.tamo.lt<\/a> <\/p>\n\n\n\n<p>Skaitmenin\u0117 mokymosi aplinka <a href=\"https:\/\/www.eduka.lt\">https:\/\/www.eduka.lt<\/a> , <a href=\"https:\/\/emapamokos.lt\">https:\/\/emapamokos.lt<\/a> , <a href=\"https:\/\/egzaminatorius.lt\">https:\/\/egzaminatorius.lt<\/a> , <\/p>\n\n\n\n<p>Vilniaus rajono registracija \u012f ikimokyklinio ir prie\u0161mokyklinio ugdymo grupes&nbsp; <a href=\"https:\/\/www.registruok.lt\/go.php\/VILNIAUS-RAJONO-SAVIVALDYBE19015221898\">https:\/\/www.registruok.lt\/go.php\/vilniaus-rajono-savivaldybe19015221898<\/a><\/p>\n\n\n\n<p>Vilniaus rajono savivaldyb\u0117 <a href=\"http:\/\/www.vrsa.lt\">www.vrsa.lt<\/a><\/p>\n\n\n\n<p>Vilniaus rajono pedagogin\u0117 psichologin\u0117 tarnyba <a href=\"https:\/\/ppt.vrsa.lt\">https:\/\/ppt.vrsa.lt<\/a><\/p>\n\n\n\n<p>Vilniaus visuomen\u0117s sveikatos biuras <a href=\"https:\/\/www.vilniussveikiau.lt\">https:\/\/www.vilniussveikiau.lt<\/a><\/p>\n\n\n\n<p>Vilniaus rajono centrin\u0117 poliklinika <a href=\"https:\/\/www.vrcp.lt\">https:\/\/www.vrcp.lt<\/a><\/p>\n\n\n\n<p>Vaiko raidos centras <a href=\"http:\/\/web.vaikuligonine.lt\/centrai\/vaiko-raidos-centras\/apie-16\">http:\/\/web.vaikuligonine.lt\/centrai\/vaiko-raidos-centras\/apie-16<\/a><\/p>\n\n\n\n<p>Vilniaus rajono savivaldyb\u0117s centrin\u0117 biblioteka <a href=\"https:\/\/vrscb.lt\/\">https:\/\/vrscb.lt<\/a>&nbsp;&nbsp; &nbsp;<\/p>\n\n\n\n<p>\u0160vietimo, mokslo&nbsp;ir sporto&nbsp;ministerija <a href=\"https:\/\/smsm.lrv.lt\/\">https:\/\/smsm.lrv.lt<\/a><\/p>\n\n\n\n<p>(Naujas \u0160MSM logotipas su ministerijos pavadinimo trumpiniu \u0160MSM yra pagrindinis, jo variantus galima atsisi\u0173sti i\u0161 \u010dia: <a href=\"https:\/\/smsm.lrv.lt\/smsm-logotipas\">https:\/\/smsm.lrv.lt\/smsm-logotipas<\/a> )<\/p>\n\n\n\n<p>Nacionalin\u0117 \u0161vietimo agent\u016bra&nbsp;<a href=\"http:\/\/www.nsa.smm.lt\/\" target=\"_blank\" rel=\"noreferrer noopener\">www.nsa.smm.lt<\/a><\/p>\n\n\n\n<p>\u0160vietimo portalas emokykla <a href=\"http:\/\/www.emokykla.lt\">www.emokykla.lt<\/a><\/p>\n\n\n\n<p>Atvira informavimo, konsultavimo ir orientavimo sistema <a href=\"http:\/\/www.aikos.smm.lt\">www.aikos.smm.lt<\/a><\/p>\n\n\n\n<p>\u0160vietimo main\u0173 paramos fondas <a href=\"https:\/\/www.smpf.lt\/lt\">https:\/\/www.smpf.lt\/lt<\/a><\/p>\n\n\n\n<p>Lyderi\u0173 laikas <a href=\"http:\/\/www.lyderiulaikas.smm.lt\">http:\/\/www.lyderiulaikas.smm.lt<\/a><\/p>\n\n\n\n<p>Mokykl\u0173 tobulinimo centras <a href=\"https:\/\/www.mtc.lt\">https:\/\/www.mtc.lt<\/a><\/p>\n\n\n\n<p>\u0160vietimo naujien\u0173 portalas <a href=\"https:\/\/tinklas.lt\">https:\/\/tinklas.lt<\/a><\/p>\n\n\n\n<p>Ikimokyklinio ugdymo portalas <a href=\"https:\/\/www.ikimokyklinis.lt\">https:\/\/www.ikimokyklinis.lt<\/a><\/p>\n\n\n\n<p>Valstybin\u0117 lietuvi\u0173 kalbos komisija <a href=\"http:\/\/www.vlkk.lt\">http:\/\/www.vlkk.lt<\/a> &nbsp;<\/p>\n\n\n\n<p>Lietuvos vaik\u0173 ir jaunimo centras (LVJC) <a href=\"https:\/\/lvjc.lt\">https:\/\/lvjc.lt<\/a><\/p>\n\n\n\n<p>Lietuvos mokini\u0173 neformaliojo \u0161vietimo centras (LMN\u0160C) <a href=\"https:\/\/www.lmnsc.lt\">https:\/\/www.lmnsc.lt<\/a><\/p>\n\n\n\n<p>Kult\u016bros pasas <a href=\"https:\/\/lrkm.lrv.lt\/lt\/veikla\/kulturos-pasas\/kulturos-pasas-1\">https:\/\/lrkm.lrv.lt\/lt\/veikla\/kulturos-pasas\/kulturos-pasas-1<\/a><\/p>\n\n\n\n<p>Lietuvos moksleivi\u0173 s\u0105junga <a href=\"https:\/\/www.moksleiviai.lt\">https:\/\/www.moksleiviai.lt<\/a><\/p>\n\n\n\n<p>Valstyb\u0117s vaiko teisi\u0173 apsaugos ir \u012fvaikinimo tarnyba <a href=\"https:\/\/vaikoteises.lt\">https:\/\/vaikoteises.lt<\/a><\/p>\n\n\n\n<p>Lietuvos Respublikos vaiko teisi\u0173 apsaugos kontrolieriaus \u012fstaiga <a href=\"http:\/\/vtaki.lt\">http:\/\/vtaki.lt<\/a><\/p>\n\n\n\n<p>Socialin\u0117s paramos \u0161eimai informacin\u0117 sistema (SPIS) <a href=\"https:\/\/www.spis.lt\">https:\/\/www.spis.lt<\/a><\/p>\n\n\n\n<p>Lietuvos auk\u0161t\u0173j\u0173 mokykl\u0173 asociacija bendrajam pri\u0117mimui organizuoti (LAMA BPO) <a href=\"https:\/\/bakalauras.lamabpo.lt\">https:\/\/bakalauras.lamabpo.lt<\/a><\/p>\n\n\n\n<p>Pagalba skirtingais gyvenimo atvejais:<br>Be paty\u010di\u0173 <a rel=\"noreferrer noopener\" href=\"http:\/\/www.bepatyciu.lt\/\" target=\"_blank\">www.bepatyciu.lt<\/a><br>Vaik\u0173 linija <a href=\"https:\/\/www.vaikulinija.lt\">https:\/\/www.vaikulinija.lt<\/a><br>Paty\u010di\u0173 d\u0117\u017eut\u0117 <a href=\"https:\/\/patyciudezute.lt\">https:\/\/patyciudezute.lt<\/a><br>Pagalbos vaikams linija <a href=\"https:\/\/pagalbavaikams.lt\">https:\/\/pagalbavaikams.lt<\/a><br>Jaunimo linija <a href=\"https:\/\/www.jaunimolinija.lt\">https:\/\/www.jaunimolinija.lt<\/a><br>T\u0117v\u0173 linija <a href=\"https:\/\/www.tevulinija.lt\">https:\/\/www.tevulinija.lt<\/a><br>Vis\u0173 reikalas <a href=\"https:\/\/www.visureikalas.lt\">https:\/\/www.visureikalas.lt<\/a><br>Tu ne vienas <a href=\"http:\/\/tunevienas.lt\">http:\/\/tunevienas.lt<\/a><br>Tu esi <a href=\"https:\/\/tuesi.lt\">https:\/\/tuesi.lt<\/a><br>Pagalbos linijos <a href=\"https:\/\/pagalbasau.lt\/pagalbos-linijos\">https:\/\/pagalbasau.lt\/pagalbos-linijos<\/a><br>Bendrasis pagalbos centras <a href=\"https:\/\/112.lt\">https:\/\/112.lt<\/a><br>Civilin\u0117 sauga <a href=\"https:\/\/www.lt72.lt\">https:\/\/www.lt72.lt<\/a><br>Narkotik\u0173, tabako ir alkoholio kontrol\u0117s departamentas <a href=\"https:\/\/ntakd.lrv.lt\">https:\/\/ntakd.lrv.lt<\/a><br>A\u0161 kriti\u0161kas <a href=\"https:\/\/askritiskas.lt\">https:\/\/askritiskas.lt<\/a><br>Draugi\u0161kas internetas <a href=\"https:\/\/www.draugiskasinternetas.lt\">https:\/\/www.draugiskasinternetas.lt<\/a><br>Saugumas elektronin\u0117je erdv\u0117je <a href=\"https:\/\/www.esaugumas.lt\">https:\/\/www.esaugumas.lt<\/a><br>Teis\u0117s akt\u0173 registras <a href=\"http:\/\/www.e-tar.lt\">www.e-tar.lt<\/a>&nbsp;<br>Lietuvos Respublikos Seimo teis\u0117s aktai <a href=\"https:\/\/e-seimas.lrs.lt\">https:\/\/e-seimas.lrs.lt<\/a><br>Elektroniniai vald\u017eios vartai <a href=\"https:\/\/www.epaslaugos.lt\">https:\/\/www.epaslaugos.lt<\/a><\/p>\n\n\n\n<p>Aktualiausia informacija d\u0117l pagalbos nukent\u0117jusiems asmenims https:\/\/socmin.lrv.lt\/lt\/veiklos-sritys\/socialine-integracija\/pagalba-nuo-nusikalstamos-veikos-nukentejusiems-asmenims<br>K\u0105 turi \u017einoti nukent\u0117j\u0119s asmuo? <a rel=\"noreferrer noopener\" href=\"https:\/\/socmin.lrv.lt\/lt\/veiklos-sritys\/socialine-integracija\/pagalba-nuo-nusikalstamos-veikos-nukentejusiems-asmenims\/elektroninis-leidinys-ka-turi-zinoti-nukentejes-asmuo\" target=\"_blank\">https:\/\/socmin.lrv.lt\/lt\/veiklos-sritys\/socialine-integracija\/pagalba-nuo-nusikalstamos-veikos-nukentejusiems-asmenims\/elektroninis-leidinys-ka-turi-zinoti-nukentejes-asmuo<\/a><br><a rel=\"noreferrer noopener\" href=\"https:\/\/www.sauletekio.vilniausr.lm.lt\/wp-content\/uploads\/2023\/05\/Pagalbos_akredituotu_istaigu_sarasas.pdf\" target=\"_blank\"><strong>Nemokama ir konfidenciali pagalba nukent\u0117jusiems nuo nusikalstam\u0173 veik\u0173<\/strong><\/a><\/p>\n\n\n\n\n","protected":false},"excerpt":{"rendered":"<p>Elektroninis dienynas https:\/\/www.tamo.lt Skaitmenin\u0117 mokymosi aplinka https:\/\/www.eduka.lt , https:\/\/emapamokos.lt , https:\/\/egzaminatorius.lt , Vilniaus rajono registracija \u012f ikimokyklinio ir prie\u0161mokyklinio ugdymo grupes&nbsp; https:\/\/www.registruok.lt\/go.php\/vilniaus-rajono-savivaldybe19015221898 Vilniaus rajono savivaldyb\u0117 www.vrsa.lt Vilniaus rajono pedagogin\u0117 psichologin\u0117 tarnyba https:\/\/ppt.vrsa.lt Vilniaus visuomen\u0117s sveikatos biuras https:\/\/www.vilniussveikiau.lt Vilniaus rajono centrin\u0117 poliklinika https:\/\/www.vrcp.lt Vaiko raidos centras http:\/\/web.vaikuligonine.lt\/centrai\/vaiko-raidos-centras\/apie-16 Vilniaus rajono savivaldyb\u0117s centrin\u0117&#8230;<\/p>\n<p> <a class=\"continue-reading-link\" href=\"https:\/\/www.sauletekio.vilniausr.lm.lt\/?page_id=1322\"><span>T\u0119sti skaitym\u0105<\/span><i class=\"crycon-right-dir\"><\/i><\/a> <\/p>\n","protected":false},"author":1,"featured_media":0,"parent":0,"menu_order":9,"comment_status":"closed","ping_status":"closed","template":"","meta":{"_uag_custom_page_level_css":"","advgb_blocks_editor_width":"","advgb_blocks_columns_visual_guide":"","ngg_post_thumbnail":0,"footnotes":""},"class_list":["post-1322","page","type-page","status-publish","hentry"],"uagb_featured_image_src":{"full":false,"thumbnail":false,"medium":false,"medium_large":false,"large":false,"1536x1536":false,"2048x2048":false,"post-thumbnail":false,"header":false,"slider":false,"columns":false,"custom":false},"uagb_author_info":{"display_name":"admin","author_link":"https:\/\/www.sauletekio.vilniausr.lm.lt\/?author=1"},"uagb_comment_info":0,"uagb_excerpt":"Elektroninis dienynas https:\/\/www.tamo.lt Skaitmenin\u0117 mokymosi aplinka https:\/\/www.eduka.lt , https:\/\/emapamokos.lt , https:\/\/egzaminatorius.lt , Vilniaus rajono registracija \u012f ikimokyklinio ir prie\u0161mokyklinio ugdymo grupes&nbsp; https:\/\/www.registruok.lt\/go.php\/vilniaus-rajono-savivaldybe19015221898 Vilniaus rajono savivaldyb\u0117 www.vrsa.lt Vilniaus rajono pedagogin\u0117 psichologin\u0117 tarnyba https:\/\/ppt.vrsa.lt Vilniaus visuomen\u0117s sveikatos biuras https:\/\/www.vilniussveikiau.lt Vilniaus rajono centrin\u0117 poliklinika https:\/\/www.vrcp.lt Vaiko raidos centras http:\/\/web.vaikuligonine.lt\/centrai\/vaiko-raidos-centras\/apie-16 Vilniaus rajono savivaldyb\u0117s centrin\u0117... T\u0119sti skaitym\u0105","coauthors":[],"author_meta":{"author_link":"https:\/\/www.sauletekio.vilniausr.lm.lt\/?author=1","display_name":"admin"},"relative_dates":{"created":"Posted 12 met\u0173 ago","modified":"Updated 3 metai ago"},"absolute_dates":{"created":"Posted on 2014-09-16","modified":"Updated on 2023-05-23"},"absolute_dates_time":{"created":"Posted on 2014-09-16 9:52","modified":"Updated on 2023-05-23 20:49"},"featured_img_caption":"","featured_img":false,"series_order":"","_links":{"self":[{"href":"https:\/\/www.sauletekio.vilniausr.lm.lt\/index.php?rest_route=\/wp\/v2\/pages\/1322","targetHints":{"allow":["GET"]}}],"collection":[{"href":"https:\/\/www.sauletekio.vilniausr.lm.lt\/index.php?rest_route=\/wp\/v2\/pages"}],"about":[{"href":"https:\/\/www.sauletekio.vilniausr.lm.lt\/index.php?rest_route=\/wp\/v2\/types\/page"}],"author":[{"embeddable":true,"href":"https:\/\/www.sauletekio.vilniausr.lm.lt\/index.php?rest_route=\/wp\/v2\/users\/1"}],"replies":[{"embeddable":true,"href":"https:\/\/www.sauletekio.vilniausr.lm.lt\/index.php?rest_route=%2Fwp%2Fv2%2Fcomments&post=1322"}],"version-history":[{"count":36,"href":"https:\/\/www.sauletekio.vilniausr.lm.lt\/index.php?rest_route=\/wp\/v2\/pages\/1322\/revisions"}],"predecessor-version":[{"id":16500,"href":"https:\/\/www.sauletekio.vilniausr.lm.lt\/index.php?rest_route=\/wp\/v2\/pages\/1322\/revisions\/16500"}],"wp:attachment":[{"href":"https:\/\/www.sauletekio.vilniausr.lm.lt\/index.php?rest_route=%2Fwp%2Fv2%2Fmedia&parent=1322"}],"curies":[{"name":"wp","href":"https:\/\/api.w.org\/{rel}","templated":true}]}}