{"id":14532,"date":"2022-10-13T09:27:19","date_gmt":"2022-10-13T07:27:19","guid":{"rendered":"https:\/\/www.sauletekio.vilniausr.lm.lt\/?page_id=14532"},"modified":"2025-03-19T22:51:31","modified_gmt":"2025-03-19T19:51:31","slug":"pradinis-ugdymas","status":"publish","type":"page","link":"https:\/\/www.sauletekio.vilniausr.lm.lt\/?page_id=14532","title":{"rendered":"Pradinis ugdymas"},"content":{"rendered":"<div class=\"fcbkbttn_buttons_block\" id=\"fcbkbttn_left\"><div class=\"fcbkbttn_like \"><fb:like href=\"https:\/\/www.sauletekio.vilniausr.lm.lt\/?page_id=14532\" action=\"like\" colorscheme=\"light\" layout=\"button_count\"  size=\"small\"><\/fb:like><\/div><div class=\"fb-share-button  \" data-href=\"https:\/\/www.sauletekio.vilniausr.lm.lt\/?page_id=14532\" data-type=\"button_count\" data-size=\"small\"><\/div><\/div>\n<p>Pradinio ugdymo paskirtis \u2013 suteikti vaikui dorin\u0117s ir socialin\u0117s brandos pradmenis, kult\u016bros, taip pat ir etnin\u0117s, pagrindus, elementar\u0173 ra\u0161tingum\u0105, pad\u0117ti jam pasirengti mokytis pagal pagrindinio ugdymo program\u0105.<\/p>\n\n\n\n<p><a href=\"https:\/\/www.sauletekio.vilniausr.lm.lt\/wp-content\/uploads\/2024\/10\/Sauletekio-UP.pdf\" target=\"_blank\" rel=\"noreferrer noopener\">Vilniaus r. Bezdoni\u0173 \u201eSaul\u0117tekio\u201c pagrindin\u0117s mokyklos pradinio ugdymo planas<\/a><\/p>\n\n\n\n<p><a href=\"https:\/\/www.sauletekio.vilniausr.lm.lt\/wp-content\/uploads\/2023\/09\/Socialines-pedagogines-pagalbos-teikimo-vaikui-ir-mokiniui-tvarkos-aprasas.pdf\" data-type=\"link\" data-id=\"https:\/\/www.sauletekio.vilniausr.lm.lt\/wp-content\/uploads\/2023\/09\/Socialines-pedagogines-pagalbos-teikimo-vaikui-ir-mokiniui-tvarkos-aprasas.pdf\" target=\"_blank\" rel=\"noreferrer noopener\">Vilniaus r. Bezdoni\u0173 \u201eSaul\u0117tekio\u201c pagrindin\u0117s mokyklos socialin\u0117s pedagogin\u0117s pagalbos teikimo vaikui ir mokiniui tvarkos apra\u0161as<\/a><\/p>\n\n\n\n<p>Pradinio ugdymo programa mokykloje \u012fgyvendinama remiantis Pradinio ugdymo bendrosiomis programomis <a href=\"https:\/\/www.e-tar.lt\/portal\/lt\/legalAct\/TAR.55FA64EA6862\/asr\">https:\/\/www.e-tar.lt\/portal\/lt\/legalAct\/TAR.55FA64EA6862\/asr<\/a><\/p>\n\n\n\n<p>Daugiau informacijos apie pradin\u012f ugdym\u0105<\/p>\n\n\n\n<p><a href=\"https:\/\/smsm.lrv.lt\/lt\/veiklos-sritys-1\/smm-svietimas\/svietimas-pradinis-ugdymas\">https:\/\/smsm.lrv.lt\/lt\/veiklos-sritys-1\/smm-svietimas\/svietimas-pradinis-ugdymas<\/a><\/p>\n\n\n\n<p><a href=\"https:\/\/www.sauletekio.vilniausr.lm.lt\/wp-content\/uploads\/2025\/03\/1-4-klasiu-tvarkarastis.pdf\" target=\"_blank\" rel=\"noreferrer noopener\">Pamok\u0173 tvarkara\u0161tis<\/a><\/p>\n","protected":false},"excerpt":{"rendered":"<p>Pradinio ugdymo paskirtis \u2013 suteikti vaikui dorin\u0117s ir socialin\u0117s brandos pradmenis, kult\u016bros, taip pat ir etnin\u0117s, pagrindus, elementar\u0173 ra\u0161tingum\u0105, pad\u0117ti jam pasirengti mokytis pagal pagrindinio ugdymo program\u0105. Vilniaus r. Bezdoni\u0173 \u201eSaul\u0117tekio\u201c pagrindin\u0117s mokyklos pradinio ugdymo planas Vilniaus r. Bezdoni\u0173 \u201eSaul\u0117tekio\u201c pagrindin\u0117s mokyklos socialin\u0117s pedagogin\u0117s pagalbos teikimo vaikui ir mokiniui tvarkos&#8230;<\/p>\n<p> <a class=\"continue-reading-link\" href=\"https:\/\/www.sauletekio.vilniausr.lm.lt\/?page_id=14532\"><span>T\u0119sti skaitym\u0105<\/span><i class=\"crycon-right-dir\"><\/i><\/a> <\/p>\n","protected":false},"author":1,"featured_media":0,"parent":319,"menu_order":1,"comment_status":"closed","ping_status":"closed","template":"","meta":{"_uag_custom_page_level_css":"","advgb_blocks_editor_width":"","advgb_blocks_columns_visual_guide":"","ngg_post_thumbnail":0,"footnotes":""},"class_list":["post-14532","page","type-page","status-publish","hentry"],"uagb_featured_image_src":{"full":false,"thumbnail":false,"medium":false,"medium_large":false,"large":false,"1536x1536":false,"2048x2048":false,"post-thumbnail":false,"header":false,"slider":false,"columns":false,"custom":false},"uagb_author_info":{"display_name":"admin","author_link":"https:\/\/www.sauletekio.vilniausr.lm.lt\/?author=1"},"uagb_comment_info":0,"uagb_excerpt":"Pradinio ugdymo paskirtis \u2013 suteikti vaikui dorin\u0117s ir socialin\u0117s brandos pradmenis, kult\u016bros, taip pat ir etnin\u0117s, pagrindus, elementar\u0173 ra\u0161tingum\u0105, pad\u0117ti jam pasirengti mokytis pagal pagrindinio ugdymo program\u0105. Vilniaus r. Bezdoni\u0173 \u201eSaul\u0117tekio\u201c pagrindin\u0117s mokyklos pradinio ugdymo planas Vilniaus r. Bezdoni\u0173 \u201eSaul\u0117tekio\u201c pagrindin\u0117s mokyklos socialin\u0117s pedagogin\u0117s pagalbos teikimo vaikui ir mokiniui tvarkos... T\u0119sti skaitym\u0105","coauthors":[],"author_meta":{"author_link":"https:\/\/www.sauletekio.vilniausr.lm.lt\/?author=1","display_name":"admin"},"relative_dates":{"created":"Posted 4 metai ago","modified":"Updated 1 metai ago"},"absolute_dates":{"created":"Posted on 2022-10-13","modified":"Updated on 2025-03-19"},"absolute_dates_time":{"created":"Posted on 2022-10-13 9:27","modified":"Updated on 2025-03-19 22:51"},"featured_img_caption":"","featured_img":false,"series_order":"","_links":{"self":[{"href":"https:\/\/www.sauletekio.vilniausr.lm.lt\/index.php?rest_route=\/wp\/v2\/pages\/14532","targetHints":{"allow":["GET"]}}],"collection":[{"href":"https:\/\/www.sauletekio.vilniausr.lm.lt\/index.php?rest_route=\/wp\/v2\/pages"}],"about":[{"href":"https:\/\/www.sauletekio.vilniausr.lm.lt\/index.php?rest_route=\/wp\/v2\/types\/page"}],"author":[{"embeddable":true,"href":"https:\/\/www.sauletekio.vilniausr.lm.lt\/index.php?rest_route=\/wp\/v2\/users\/1"}],"replies":[{"embeddable":true,"href":"https:\/\/www.sauletekio.vilniausr.lm.lt\/index.php?rest_route=%2Fwp%2Fv2%2Fcomments&post=14532"}],"version-history":[{"count":13,"href":"https:\/\/www.sauletekio.vilniausr.lm.lt\/index.php?rest_route=\/wp\/v2\/pages\/14532\/revisions"}],"predecessor-version":[{"id":20715,"href":"https:\/\/www.sauletekio.vilniausr.lm.lt\/index.php?rest_route=\/wp\/v2\/pages\/14532\/revisions\/20715"}],"up":[{"embeddable":true,"href":"https:\/\/www.sauletekio.vilniausr.lm.lt\/index.php?rest_route=\/wp\/v2\/pages\/319"}],"wp:attachment":[{"href":"https:\/\/www.sauletekio.vilniausr.lm.lt\/index.php?rest_route=%2Fwp%2Fv2%2Fmedia&parent=14532"}],"curies":[{"name":"wp","href":"https:\/\/api.w.org\/{rel}","templated":true}]}}