{"id":14842,"date":"2022-11-12T19:59:51","date_gmt":"2022-11-12T17:59:51","guid":{"rendered":"https:\/\/www.sauletekio.vilniausr.lm.lt\/?page_id=14842"},"modified":"2023-05-23T20:30:39","modified_gmt":"2023-05-23T18:30:39","slug":"praneseju-apsauga","status":"publish","type":"page","link":"https:\/\/www.sauletekio.vilniausr.lm.lt\/?page_id=14842","title":{"rendered":"Prane\u0161\u0117j\u0173 apsauga"},"content":{"rendered":"<div class=\"fcbkbttn_buttons_block\" id=\"fcbkbttn_left\"><div class=\"fcbkbttn_like \"><fb:like href=\"https:\/\/www.sauletekio.vilniausr.lm.lt\/?page_id=14842\" action=\"like\" colorscheme=\"light\" layout=\"button_count\"  size=\"small\"><\/fb:like><\/div><div class=\"fb-share-button  \" data-href=\"https:\/\/www.sauletekio.vilniausr.lm.lt\/?page_id=14842\" data-type=\"button_count\" data-size=\"small\"><\/div><\/div>\n<p>Lietuvos Respublikos prane\u0161\u0117j\u0173 apsaugos \u012fstatymas \u012ftvirtina asmen\u0173, pateikusi\u0173 informacij\u0105 apie pa\u017eeidim\u0105 \u012fstaigoje, su kuria juos sieja ar siejo darbo ar sutartiniai santykiai, apsaugos mechanizm\u0105, teises, pareigas, apsaugos, skatinimo ir pagalbos jiems priemones, siekiant sudaryti tinkamas galimybes prane\u0161ti apie pa\u017eeidimus, kelian\u010dius gr\u0117sm\u0119 vie\u0161ajam interesui arba j\u012f pa\u017eeid\u017eian\u010dius, u\u017etikrinti toki\u0173 pa\u017eeidim\u0173 prevencij\u0105 ir atskleidim\u0105.&nbsp;<\/p>\n\n\n\n<p>Vilniaus r. Bezdoni\u0173 \u201eSaul\u0117tekio\u201c pagrindin\u0117 mokyklos vidiniu prane\u0161im\u0173 apie pa\u017eeidimus teikimo kanalu apie pa\u017eeidim\u0105 gali prane\u0161ti bet kuris asmuo, kur\u012f su mokykla sieja ar siejo darbo ar sutartiniai santykiai (konsultavimo, rangos, subrangos, sta\u017euot\u0117s, praktikos, savanori\u0161kos veiklos ir pan.) arba \u012fdarbinimo ar iki sutartiniai santykiai, taip pat kiti asmenys.<\/p>\n\n\n\n<p>Rekomenduojame prane\u0161im\u0105 apie pa\u017eeidim\u0105 teikti u\u017epildant \u0161i\u0105 Prane\u0161imo apie pa\u017eeidim\u0105 form\u0105 (pridedama) ir si\u0173sti mokyklos el. pa\u0161to adresu pagrindine@sauletekio.vilniausr.lm.lt arba pristatyti \u012f \u012fstaig\u0105 atsakingam asmeniui (vardas, pavard\u0117, kontaktin\u0117 informacija, pri\u0117mimo laikas)<\/p>\n\n\n\n<p>Prane\u0161ime apie pa\u017eeidim\u0105 turi b\u016bti nurodyta:<\/p>\n\n\n\n<p>1. Kas, kada, kokiu b\u016bdu ir kok\u012f pa\u017eeidim\u0105 rengiasi daryti, daro ar padar\u0117 ir pan.;<br>2. Su\u017einojimo apie pa\u017eeidim\u0105 data ir aplinkyb\u0117s;<br>3. Vardas, pavard\u0117, asmens kodas, darboviet\u0117, kiti kontaktiniai duomenys;<br>4. Jei \u012fmanoma, pateikti bet kokius turimus dokumentus, duomenis ar informacij\u0105, atskleid\u017eian\u010di\u0105 galimo pa\u017eeidimo po\u017eymius.<\/p>\n\n\n\n<p>\u012estaigos vadovo paskirtas asmuo administruoja vidin\u012f apie pa\u017eeidimus teikimo kanal\u0105 bei u\u017etikrina asmens, pateikusio informacij\u0105 apie pa\u017eeidimus, konfidencialum\u0105.<\/p>\n\n\n\n<p>Prane\u0161\u0117j\u0173 apsaug\u0105 reglamentuojantys teis\u0117s aktai:<\/p>\n\n\n\n<p>Lietuvos Respublikos prane\u0161\u0117j\u0173 apsaugos \u012fstatymas<br><a href=\"https:\/\/www.e-tar.lt\/portal\/lt\/legalAct\/2986b360db3611e7910a89ac20768b0f\">https:\/\/www.e-tar.lt\/portal\/lt\/legalAct\/2986b360db3611e7910a89ac20768b0f<\/a><\/p>\n\n\n\n<p>Lietuvos Respublikos Vyriausyb\u0117s nutarimas ,,D\u0117l Lietuvos Respublikos prane\u0161\u0117j\u0173 apsaugos \u012fstatymo \u012fgyvendinimo\u201c<br><a href=\"https:\/\/www.e-tar.lt\/portal\/lt\/legalAct\/c5d99180ed8a11e88568e724760eeafa\/asr\">https:\/\/www.e-tar.lt\/portal\/lt\/legalAct\/c5d99180ed8a11e88568e724760eeafa\/asr<\/a><\/p>\n","protected":false},"excerpt":{"rendered":"<p>Lietuvos Respublikos prane\u0161\u0117j\u0173 apsaugos \u012fstatymas \u012ftvirtina asmen\u0173, pateikusi\u0173 informacij\u0105 apie pa\u017eeidim\u0105 \u012fstaigoje, su kuria juos sieja ar siejo darbo ar sutartiniai santykiai, apsaugos mechanizm\u0105, teises, pareigas, apsaugos, skatinimo ir pagalbos jiems priemones, siekiant sudaryti tinkamas galimybes prane\u0161ti apie pa\u017eeidimus, kelian\u010dius gr\u0117sm\u0119 vie\u0161ajam interesui arba j\u012f pa\u017eeid\u017eian\u010dius, u\u017etikrinti toki\u0173 pa\u017eeidim\u0173 prevencij\u0105&#8230;<\/p>\n<p> <a class=\"continue-reading-link\" href=\"https:\/\/www.sauletekio.vilniausr.lm.lt\/?page_id=14842\"><span>T\u0119sti skaitym\u0105<\/span><i class=\"crycon-right-dir\"><\/i><\/a> <\/p>\n","protected":false},"author":1,"featured_media":0,"parent":0,"menu_order":3,"comment_status":"closed","ping_status":"closed","template":"","meta":{"_uag_custom_page_level_css":"","advgb_blocks_editor_width":"","advgb_blocks_columns_visual_guide":"","ngg_post_thumbnail":0,"footnotes":""},"class_list":["post-14842","page","type-page","status-publish","hentry"],"uagb_featured_image_src":{"full":false,"thumbnail":false,"medium":false,"medium_large":false,"large":false,"1536x1536":false,"2048x2048":false,"post-thumbnail":false,"header":false,"slider":false,"columns":false,"custom":false},"uagb_author_info":{"display_name":"admin","author_link":"https:\/\/www.sauletekio.vilniausr.lm.lt\/?author=1"},"uagb_comment_info":0,"uagb_excerpt":"Lietuvos Respublikos prane\u0161\u0117j\u0173 apsaugos \u012fstatymas \u012ftvirtina asmen\u0173, pateikusi\u0173 informacij\u0105 apie pa\u017eeidim\u0105 \u012fstaigoje, su kuria juos sieja ar siejo darbo ar sutartiniai santykiai, apsaugos mechanizm\u0105, teises, pareigas, apsaugos, skatinimo ir pagalbos jiems priemones, siekiant sudaryti tinkamas galimybes prane\u0161ti apie pa\u017eeidimus, kelian\u010dius gr\u0117sm\u0119 vie\u0161ajam interesui arba j\u012f pa\u017eeid\u017eian\u010dius, u\u017etikrinti toki\u0173 pa\u017eeidim\u0173 prevencij\u0105... T\u0119sti skaitym\u0105","coauthors":[],"author_meta":{"author_link":"https:\/\/www.sauletekio.vilniausr.lm.lt\/?author=1","display_name":"admin"},"relative_dates":{"created":"Posted 3 metai ago","modified":"Updated 3 metai ago"},"absolute_dates":{"created":"Posted on 2022-11-12","modified":"Updated on 2023-05-23"},"absolute_dates_time":{"created":"Posted on 2022-11-12 19:59","modified":"Updated on 2023-05-23 20:30"},"featured_img_caption":"","featured_img":false,"series_order":"","_links":{"self":[{"href":"https:\/\/www.sauletekio.vilniausr.lm.lt\/index.php?rest_route=\/wp\/v2\/pages\/14842","targetHints":{"allow":["GET"]}}],"collection":[{"href":"https:\/\/www.sauletekio.vilniausr.lm.lt\/index.php?rest_route=\/wp\/v2\/pages"}],"about":[{"href":"https:\/\/www.sauletekio.vilniausr.lm.lt\/index.php?rest_route=\/wp\/v2\/types\/page"}],"author":[{"embeddable":true,"href":"https:\/\/www.sauletekio.vilniausr.lm.lt\/index.php?rest_route=\/wp\/v2\/users\/1"}],"replies":[{"embeddable":true,"href":"https:\/\/www.sauletekio.vilniausr.lm.lt\/index.php?rest_route=%2Fwp%2Fv2%2Fcomments&post=14842"}],"version-history":[{"count":1,"href":"https:\/\/www.sauletekio.vilniausr.lm.lt\/index.php?rest_route=\/wp\/v2\/pages\/14842\/revisions"}],"predecessor-version":[{"id":14844,"href":"https:\/\/www.sauletekio.vilniausr.lm.lt\/index.php?rest_route=\/wp\/v2\/pages\/14842\/revisions\/14844"}],"wp:attachment":[{"href":"https:\/\/www.sauletekio.vilniausr.lm.lt\/index.php?rest_route=%2Fwp%2Fv2%2Fmedia&parent=14842"}],"curies":[{"name":"wp","href":"https:\/\/api.w.org\/{rel}","templated":true}]}}