{"id":15049,"date":"2022-12-01T12:47:07","date_gmt":"2022-12-01T10:47:07","guid":{"rendered":"https:\/\/www.sauletekio.vilniausr.lm.lt\/?page_id=15049"},"modified":"2026-01-26T11:45:40","modified_gmt":"2026-01-26T08:45:40","slug":"maitinimas","status":"publish","type":"page","link":"https:\/\/www.sauletekio.vilniausr.lm.lt\/?page_id=15049","title":{"rendered":"Maitinimas"},"content":{"rendered":"<div class=\"fcbkbttn_buttons_block\" id=\"fcbkbttn_left\"><div class=\"fcbkbttn_like \"><fb:like href=\"https:\/\/www.sauletekio.vilniausr.lm.lt\/?page_id=15049\" action=\"like\" colorscheme=\"light\" layout=\"button_count\"  size=\"small\"><\/fb:like><\/div><div class=\"fb-share-button  \" data-href=\"https:\/\/www.sauletekio.vilniausr.lm.lt\/?page_id=15049\" data-type=\"button_count\" data-size=\"small\"><\/div><\/div>\n<p>Vaik\u0173 maitinimas \u012fstaigoje organizuojamas remiantis \u0161iais teis\u0117s aktais:<\/p>\n\n\n\n<p>Vaik\u0173 maitinimo organizavimo tvarkos apra\u0161as, patvirtintas Lietuvos Respublikos sveikatos apsaugos ministro <a href=\"https:\/\/www.e-tar.lt\/portal\/lt\/legalAct\/TAR.3B14F18E2B3C\/asr\" target=\"_blank\" rel=\"noreferrer noopener\">https:\/\/www.e-tar.lt\/portal\/lt\/legalAct\/TAR.3B14F18E2B3C\/asr<\/a><\/p>\n\n\n\n<p>Maitinimo organizavimo Vilniaus rajono savivaldyb\u0117s bendrojo ugdymo mokyklose tvarkos apra\u0161as <a href=\"https:\/\/www.e-tar.lt\/portal\/lt\/legalAct\/74662f40444811eb8d9fe110e148c770\" target=\"_blank\" rel=\"noreferrer noopener\">https:\/\/www.e-tar.lt\/portal\/lt\/legalAct\/74662f40444811eb8d9fe110e148c770<\/a><\/p>\n\n\n\n<p>Mokini\u0173 nemokamo maitinimo mokyklose tvarkos apra\u0161as<br><a href=\"https:\/\/www.e-tar.lt\/portal\/lt\/legalAct\/75765a502e9b11e9b66f85227a03f7a3\" target=\"_blank\" rel=\"noreferrer noopener\">https:\/\/www.e-tar.lt\/portal\/lt\/legalAct\/75765a502e9b11e9b66f85227a03f7a3<\/a><\/p>\n\n\n\n<p>Mokini\u0173 nemokamam maitinimui skirtiems produktams \u012fsigyti skiriam\u0173 vienai dienai vienam mokiniui l\u0117\u0161\u0173 dydis<br><a href=\"https:\/\/www.e-tar.lt\/portal\/lt\/legalAct\/c06ff3700a4b11ec9f09e7df20500045\" target=\"_blank\" rel=\"noreferrer noopener\">https:\/\/www.e-tar.lt\/portal\/lt\/legalAct\/c06ff3700a4b11ec9f09e7df20500045<\/a><\/p>\n\n\n\n<p>Nuo rugs\u0117jo 1 d. visiems&nbsp;vaikams, ugdomiems pagal <strong>prie\u0161mokyklinio<\/strong> ugdymo program\u0105, ir <strong>pirmokams<\/strong>&nbsp;bei&nbsp;<strong>antrokams<\/strong>&nbsp;mokykloje organizuojami&nbsp;<strong>nemokami piet\u016bs<\/strong>.<\/p>\n\n\n\n<p>Mokykla dalyvauja Vaisi\u0173 ir dar\u017eovi\u0173 bei pieno ir pieno produkt\u0173 vartojimo skatinimo vaik\u0173 ugdymo \u012fstaigose programoje:<\/p>\n\n\n\n<p>Sveikas maistas \u2013 sveikas vaikas <a href=\"https:\/\/www.pienasvaisiai.lt\">https:\/\/www.pienasvaisiai.lt<\/a><\/p>\n","protected":false},"excerpt":{"rendered":"<p>Vaik\u0173 maitinimas \u012fstaigoje organizuojamas remiantis \u0161iais teis\u0117s aktais: Vaik\u0173 maitinimo organizavimo tvarkos apra\u0161as, patvirtintas Lietuvos Respublikos sveikatos apsaugos ministro https:\/\/www.e-tar.lt\/portal\/lt\/legalAct\/TAR.3B14F18E2B3C\/asr Maitinimo organizavimo Vilniaus rajono savivaldyb\u0117s bendrojo ugdymo mokyklose tvarkos apra\u0161as https:\/\/www.e-tar.lt\/portal\/lt\/legalAct\/74662f40444811eb8d9fe110e148c770 Mokini\u0173 nemokamo maitinimo mokyklose tvarkos apra\u0161ashttps:\/\/www.e-tar.lt\/portal\/lt\/legalAct\/75765a502e9b11e9b66f85227a03f7a3 Mokini\u0173 nemokamam maitinimui skirtiems produktams \u012fsigyti skiriam\u0173 vienai dienai vienam mokiniui l\u0117\u0161\u0173 dydishttps:\/\/www.e-tar.lt\/portal\/lt\/legalAct\/c06ff3700a4b11ec9f09e7df20500045&#8230;<\/p>\n<p> <a class=\"continue-reading-link\" href=\"https:\/\/www.sauletekio.vilniausr.lm.lt\/?page_id=15049\"><span>T\u0119sti skaitym\u0105<\/span><i class=\"crycon-right-dir\"><\/i><\/a> <\/p>\n","protected":false},"author":1,"featured_media":0,"parent":1319,"menu_order":7,"comment_status":"closed","ping_status":"closed","template":"","meta":{"_uag_custom_page_level_css":"","advgb_blocks_editor_width":"","advgb_blocks_columns_visual_guide":"","ngg_post_thumbnail":0,"footnotes":""},"class_list":["post-15049","page","type-page","status-publish","hentry"],"uagb_featured_image_src":{"full":false,"thumbnail":false,"medium":false,"medium_large":false,"large":false,"1536x1536":false,"2048x2048":false,"post-thumbnail":false,"header":false,"slider":false,"columns":false,"custom":false},"uagb_author_info":{"display_name":"admin","author_link":"https:\/\/www.sauletekio.vilniausr.lm.lt\/?author=1"},"uagb_comment_info":0,"uagb_excerpt":"Vaik\u0173 maitinimas \u012fstaigoje organizuojamas remiantis \u0161iais teis\u0117s aktais: Vaik\u0173 maitinimo organizavimo tvarkos apra\u0161as, patvirtintas Lietuvos Respublikos sveikatos apsaugos ministro https:\/\/www.e-tar.lt\/portal\/lt\/legalAct\/TAR.3B14F18E2B3C\/asr Maitinimo organizavimo Vilniaus rajono savivaldyb\u0117s bendrojo ugdymo mokyklose tvarkos apra\u0161as https:\/\/www.e-tar.lt\/portal\/lt\/legalAct\/74662f40444811eb8d9fe110e148c770 Mokini\u0173 nemokamo maitinimo mokyklose tvarkos apra\u0161ashttps:\/\/www.e-tar.lt\/portal\/lt\/legalAct\/75765a502e9b11e9b66f85227a03f7a3 Mokini\u0173 nemokamam maitinimui skirtiems produktams \u012fsigyti skiriam\u0173 vienai dienai vienam mokiniui l\u0117\u0161\u0173 dydishttps:\/\/www.e-tar.lt\/portal\/lt\/legalAct\/c06ff3700a4b11ec9f09e7df20500045... T\u0119sti skaitym\u0105","coauthors":[],"author_meta":{"author_link":"https:\/\/www.sauletekio.vilniausr.lm.lt\/?author=1","display_name":"admin"},"relative_dates":{"created":"Posted 3 metai ago","modified":"Updated 3 m\u0117nesiai ago"},"absolute_dates":{"created":"Posted on 2022-12-01","modified":"Updated on 2026-01-26"},"absolute_dates_time":{"created":"Posted on 2022-12-01 12:47","modified":"Updated on 2026-01-26 11:45"},"featured_img_caption":"","featured_img":false,"series_order":"","_links":{"self":[{"href":"https:\/\/www.sauletekio.vilniausr.lm.lt\/index.php?rest_route=\/wp\/v2\/pages\/15049","targetHints":{"allow":["GET"]}}],"collection":[{"href":"https:\/\/www.sauletekio.vilniausr.lm.lt\/index.php?rest_route=\/wp\/v2\/pages"}],"about":[{"href":"https:\/\/www.sauletekio.vilniausr.lm.lt\/index.php?rest_route=\/wp\/v2\/types\/page"}],"author":[{"embeddable":true,"href":"https:\/\/www.sauletekio.vilniausr.lm.lt\/index.php?rest_route=\/wp\/v2\/users\/1"}],"replies":[{"embeddable":true,"href":"https:\/\/www.sauletekio.vilniausr.lm.lt\/index.php?rest_route=%2Fwp%2Fv2%2Fcomments&post=15049"}],"version-history":[{"count":4,"href":"https:\/\/www.sauletekio.vilniausr.lm.lt\/index.php?rest_route=\/wp\/v2\/pages\/15049\/revisions"}],"predecessor-version":[{"id":22279,"href":"https:\/\/www.sauletekio.vilniausr.lm.lt\/index.php?rest_route=\/wp\/v2\/pages\/15049\/revisions\/22279"}],"up":[{"embeddable":true,"href":"https:\/\/www.sauletekio.vilniausr.lm.lt\/index.php?rest_route=\/wp\/v2\/pages\/1319"}],"wp:attachment":[{"href":"https:\/\/www.sauletekio.vilniausr.lm.lt\/index.php?rest_route=%2Fwp%2Fv2%2Fmedia&parent=15049"}],"curies":[{"name":"wp","href":"https:\/\/api.w.org\/{rel}","templated":true}]}}