{"id":32,"date":"2011-01-25T18:02:31","date_gmt":"2011-01-25T16:02:31","guid":{"rendered":"http:\/\/127.0.0.1\/wordpress\/wordpress\/?page_id=32"},"modified":"2020-03-05T14:10:49","modified_gmt":"2020-03-05T12:10:49","slug":"atributika","status":"publish","type":"page","link":"https:\/\/www.sauletekio.vilniausr.lm.lt\/?page_id=32","title":{"rendered":"Atributika"},"content":{"rendered":"<div class=\"fcbkbttn_buttons_block\" id=\"fcbkbttn_left\"><div class=\"fcbkbttn_like \"><fb:like href=\"https:\/\/www.sauletekio.vilniausr.lm.lt\/?page_id=32\" action=\"like\" colorscheme=\"light\" layout=\"button_count\"  size=\"small\"><\/fb:like><\/div><div class=\"fb-share-button  \" data-href=\"https:\/\/www.sauletekio.vilniausr.lm.lt\/?page_id=32\" data-type=\"button_count\" data-size=\"small\"><\/div><\/div><p><strong>Mokyklos v\u0117liava:<\/strong><\/p>\n<p><a href=\"https:\/\/www.sauletekio.vilniausr.lm.lt\/wp-content\/uploads\/2011\/01\/veliava.jpg\"><img loading=\"lazy\" decoding=\"async\" class=\"alignleft wp-image-1507\" src=\"https:\/\/www.sauletekio.vilniausr.lm.lt\/wp-content\/uploads\/2011\/01\/veliava.jpg\" alt=\"veliava\" width=\"176\" height=\"257\"><\/a><\/p>\n<p>&nbsp;<\/p>\n<p>&nbsp;<\/p>\n<p>&nbsp;<\/p>\n<p>&nbsp;<\/p>\n<p>&nbsp;<\/p>\n<p>&nbsp;<\/p>\n<p>&nbsp;<\/p>\n<p>&nbsp;<\/p>\n<p>&nbsp;<\/p>\n<p>&nbsp;<\/p>\n<p>&nbsp;<\/p>\n<p>&nbsp;<\/p>\n<p><strong>Mokyklos \u017eenklas:<\/strong><\/p>\n<p><a href=\"http:\/\/www2109.vu.lt\/wp-content\/uploads\/2011\/01\/mokyklos_zenklas_1_smoll.png\"><img loading=\"lazy\" decoding=\"async\" class=\"alignleft size-full wp-image-511\" src=\"http:\/\/www2109.vu.lt\/wp-content\/uploads\/2011\/01\/mokyklos_zenklas_1_smoll.png\" alt=\"mokyklos_zenklas_1_smoll\" width=\"179\" height=\"219\"><\/a><\/p>\n<p>&nbsp;<\/p>\n<p>&nbsp;<\/p>\n<p>&nbsp;<\/p>\n<p>&nbsp;<\/p>\n<p>&nbsp;<\/p>\n<p>&nbsp;<\/p>\n<p>&nbsp;<\/p>\n<p>&nbsp;<\/p>\n<p>&nbsp;<\/p>\n<p>&nbsp;<\/p>\n<p><strong>Mokyklos himnas:<\/strong><\/p>\n<p style=\"text-align: left;\">Kai saulut\u0117 kelia mus i\u0161 miego<br \/>\nMes takais \u201eSaul\u0117tekin\u201c sub\u0117gam,<br \/>\n\u010cia lenta, draugai ir m\u016bs\u0173 klas\u0117s<br \/>\n\u0160aukia lyg mergait\u0117s geltonkas\u0117s.<br \/>\nMes saul\u0117s vaikai \u2013Tarsi piev\u0173 \u017eiedai,<br \/>\nU\u017eaugom t\u0117vams ir gimtinei,<br \/>\nKad \u017eem\u0117 mana,<br \/>\nM\u016bs \u0161alis \u2013 Lietuva,<br \/>\nSkamb\u0117t\u0173 kaip varpas kr\u016btin\u0117j.<br \/>\nMylim \u0161ok\u012f, dain\u0105 ir draugyst\u0119,<br \/>\nTrok\u0161tam augt, stipr\u0117ti, nesuklysti,<br \/>\nKad t\u0117veliai, mamos ir T\u0117vyn\u0117<br \/>\nD\u017eiaugt\u0173si \u0161auniais mus pavadin\u0119.<br \/>\nKai pa\u0161aukia prie lentos \u2013 o saule!<br \/>\nKurgi ta teisyb\u0117 \u0161iam pasauly?<br \/>\nKartais gr\u012f\u017etame tarsi i\u0161 m\u016b\u0161io,<br \/>\nMokytojas klausia: kuo gi b\u016bsi?<br \/>\nA\u010di\u016b tau, mokykla mylimoji,<br \/>\nA\u010di\u016b saulei, kry\u017eiui, kur sustoji<br \/>\nPo darb\u0173, d\u017eiaugsm\u0173 ir nuli\u016bdim\u0173,<br \/>\nPad\u0117kok u\u017e vilt\u012f ir likim\u0105.<br \/>\nKai saulut\u0117 kelia mus i\u0161 miego<br \/>\nMes takais \u201eSaul\u0117tekin\u201c sub\u0117gam,<br \/>\n\u010cia lenta, draugai ir m\u016bs\u0173 klas\u0117s<br \/>\n\u0160aukia lyg mergait\u0117s geltonkas\u0117s.<br \/>\nMes saul\u0117s vaikai \u2013Tarsi piev\u0173 \u017eiedai,<br \/>\nU\u017eaugom t\u0117vams ir gimtinei,<br \/>\nKad \u017eem\u0117 mana,<br \/>\nM\u016bs \u0161alis \u2013 Lietuva,<br \/>\nSkamb\u0117t\u0173 kaip varpas kr\u016btin\u0117j.<br \/>\nMylim \u0161ok\u012f, dain\u0105 ir draugyst\u0119,<br \/>\nTrok\u0161tam augt, stipr\u0117ti, nesuklysti,<br \/>\nKad t\u0117veliai, mamos ir T\u0117vyn\u0117<br \/>\nD\u017eiaugt\u0173si \u0161auniais mus pavadin\u0119.<br \/>\nKai pa\u0161aukia prie lentos \u2013 o saule!<br \/>\nKurgi ta teisyb\u0117 \u0161iam pasauly?<br \/>\nKartais gr\u012f\u017etame tarsi i\u0161 m\u016b\u0161io,<br \/>\nMokytojas klausia: kuo gi b\u016bsi?<br \/>\nA\u010di\u016b tau, mokykla mylimoji,<br \/>\nA\u010di\u016b saulei, kry\u017eiui, kur sustoji<br \/>\nPo darb\u0173, d\u017eiaugsm\u0173 ir nuli\u016bdim\u0173,<br \/>\nPad\u0117kok u\u017e vilt\u012f ir likim\u0105.<\/p>\n<p><em>Priedainis:<\/em><br \/>\nMes saul\u0117s vaikai, Mes T\u0117vyn\u0117s&nbsp;\u017eiedai,<br \/>\nDainuojame Lietuvai dain\u0105 \u2013<br \/>\nKad \u017eem\u0117&nbsp;&nbsp; gimta visad b\u016bt\u0173 laisva,<br \/>\nKovokim u\u017e vilt\u012f ir laim\u0119.<\/p>\n<p><em>Himnas sukurtas 1997 met\u0173 baland\u017eio m\u0117nes\u012f, \u0161ven\u010diant mokyklos<br \/>\n5-ri\u0173 met\u0173 sukakt\u012f.<\/em><br \/>\nMuzika: mokytoj\u0173&nbsp;J.\u010cepulien\u0117s ir&nbsp;S. Laurinai\u010dio<br \/>\n\u017dod\u017eiai: buvusios mokyklos direktor\u0117s A. \u0160atien\u0117s<\/p>\n","protected":false},"excerpt":{"rendered":"<p>Mokyklos v\u0117liava: &nbsp; &nbsp; &nbsp; &nbsp; &nbsp; &nbsp; &nbsp; &nbsp; &nbsp; &nbsp; &nbsp; &nbsp; Mokyklos \u017eenklas: &nbsp; &nbsp; &nbsp; &nbsp; &nbsp; &nbsp; &nbsp; &nbsp; &nbsp; &nbsp; Mokyklos himnas: Kai saulut\u0117 kelia mus i\u0161 miego Mes takais \u201eSaul\u0117tekin\u201c sub\u0117gam, \u010cia lenta, draugai ir m\u016bs\u0173 klas\u0117s \u0160aukia lyg mergait\u0117s geltonkas\u0117s. Mes saul\u0117s&#8230;<\/p>\n<p> <a class=\"continue-reading-link\" href=\"https:\/\/www.sauletekio.vilniausr.lm.lt\/?page_id=32\"><span>T\u0119sti skaitym\u0105<\/span><i class=\"crycon-right-dir\"><\/i><\/a> <\/p>\n","protected":false},"author":1,"featured_media":0,"parent":0,"menu_order":2,"comment_status":"closed","ping_status":"closed","template":"","meta":{"_uag_custom_page_level_css":"","advgb_blocks_editor_width":"","advgb_blocks_columns_visual_guide":"","ngg_post_thumbnail":0,"footnotes":""},"class_list":["post-32","page","type-page","status-publish","hentry"],"uagb_featured_image_src":{"full":false,"thumbnail":false,"medium":false,"medium_large":false,"large":false,"1536x1536":false,"2048x2048":false,"post-thumbnail":false,"header":false,"slider":false,"columns":false,"custom":false},"uagb_author_info":{"display_name":"admin","author_link":"https:\/\/www.sauletekio.vilniausr.lm.lt\/?author=1"},"uagb_comment_info":0,"uagb_excerpt":"Mokyklos v\u0117liava: &nbsp; &nbsp; &nbsp; &nbsp; &nbsp; &nbsp; &nbsp; &nbsp; &nbsp; &nbsp; &nbsp; &nbsp; Mokyklos \u017eenklas: &nbsp; &nbsp; &nbsp; &nbsp; &nbsp; &nbsp; &nbsp; &nbsp; &nbsp; &nbsp; Mokyklos himnas: Kai saulut\u0117 kelia mus i\u0161 miego Mes takais \u201eSaul\u0117tekin\u201c sub\u0117gam, \u010cia lenta, draugai ir m\u016bs\u0173 klas\u0117s \u0160aukia lyg mergait\u0117s geltonkas\u0117s. Mes saul\u0117s... T\u0119sti skaitym\u0105","coauthors":[],"author_meta":{"author_link":"https:\/\/www.sauletekio.vilniausr.lm.lt\/?author=1","display_name":"admin"},"relative_dates":{"created":"Posted 15 met\u0173 ago","modified":"Updated 6 metai ago"},"absolute_dates":{"created":"Posted on 2011-01-25","modified":"Updated on 2020-03-05"},"absolute_dates_time":{"created":"Posted on 2011-01-25 18:02","modified":"Updated on 2020-03-05 14:10"},"featured_img_caption":"","featured_img":false,"series_order":"","_links":{"self":[{"href":"https:\/\/www.sauletekio.vilniausr.lm.lt\/index.php?rest_route=\/wp\/v2\/pages\/32","targetHints":{"allow":["GET"]}}],"collection":[{"href":"https:\/\/www.sauletekio.vilniausr.lm.lt\/index.php?rest_route=\/wp\/v2\/pages"}],"about":[{"href":"https:\/\/www.sauletekio.vilniausr.lm.lt\/index.php?rest_route=\/wp\/v2\/types\/page"}],"author":[{"embeddable":true,"href":"https:\/\/www.sauletekio.vilniausr.lm.lt\/index.php?rest_route=\/wp\/v2\/users\/1"}],"replies":[{"embeddable":true,"href":"https:\/\/www.sauletekio.vilniausr.lm.lt\/index.php?rest_route=%2Fwp%2Fv2%2Fcomments&post=32"}],"version-history":[{"count":20,"href":"https:\/\/www.sauletekio.vilniausr.lm.lt\/index.php?rest_route=\/wp\/v2\/pages\/32\/revisions"}],"predecessor-version":[{"id":10823,"href":"https:\/\/www.sauletekio.vilniausr.lm.lt\/index.php?rest_route=\/wp\/v2\/pages\/32\/revisions\/10823"}],"wp:attachment":[{"href":"https:\/\/www.sauletekio.vilniausr.lm.lt\/index.php?rest_route=%2Fwp%2Fv2%2Fmedia&parent=32"}],"curies":[{"name":"wp","href":"https:\/\/api.w.org\/{rel}","templated":true}]}}