{"id":3999,"date":"2016-05-30T12:14:50","date_gmt":"2016-05-30T10:14:50","guid":{"rendered":"https:\/\/www.sauletekio.vilniausr.lm.lt\/?page_id=3999"},"modified":"2022-01-26T15:55:21","modified_gmt":"2022-01-26T13:55:21","slug":"direktoriaus-ataskaita","status":"publish","type":"page","link":"https:\/\/www.sauletekio.vilniausr.lm.lt\/?page_id=3999","title":{"rendered":"Direktoriaus ataskaita"},"content":{"rendered":"<div class=\"fcbkbttn_buttons_block\" id=\"fcbkbttn_left\"><div class=\"fcbkbttn_like \"><fb:like href=\"https:\/\/www.sauletekio.vilniausr.lm.lt\/?page_id=3999\" action=\"like\" colorscheme=\"light\" layout=\"button_count\"  size=\"small\"><\/fb:like><\/div><div class=\"fb-share-button  \" data-href=\"https:\/\/www.sauletekio.vilniausr.lm.lt\/?page_id=3999\" data-type=\"button_count\" data-size=\"small\"><\/div><\/div><ol>\n<li><a href=\"https:\/\/www.sauletekio.vilniausr.lm.lt\/wp-content\/uploads\/2022\/01\/VEIKLOS-ATASKAITA-uz-2021-m..pdf\" target=\"_blank\" rel=\"noopener\"><strong>VILNIAUS R. BEZDONI\u0172 \u201eSAUL\u0116TEKIO\u201c PAGRINDIN\u0116S MOKYKLOS DIREKTORIAUS ALGIMANTO BARANAUSKO 2021 MET\u0172 VEIKLOS ATASKAITA<\/strong><\/a><\/li>\n<li><a href=\"https:\/\/www.sauletekio.vilniausr.lm.lt\/wp-content\/uploads\/2021\/01\/DIREKTORIAUS-ATASKAITA.pdf\" target=\"_blank\" rel=\"noopener\"><strong>VILNIAUS R. BEZDONI\u0172 \u201eSAUL\u0116TEKIO\u201c PAGRINDIN\u0116S MOKYKLOS DIREKTORIAUS ALGIMANTO BARANAUSKO 2020 MET\u0172 VEIKLOS ATASKAITA<\/strong><\/a><\/li>\n<li><a href=\"https:\/\/www.sauletekio.vilniausr.lm.lt\/wp-content\/uploads\/2020\/12\/Veiklos-ataskaita-uz-2019-m..pdf\" target=\"_blank\" rel=\"noopener\"><strong>VILNIAUS R. BEZDONI\u0172 \u201eSAUL\u0116TEKIO\u201c PAGRINDIN\u0116S MOKYKLOS DIREKTORIAUS ALGIMANTO BARANAUSKO 2019 MET\u0172 VEIKLOS ATASKAITA<\/strong><\/a><\/li>\n<li><a href=\"https:\/\/www.sauletekio.vilniausr.lm.lt\/wp-content\/uploads\/2019\/04\/Bezdoni\u0173_Saul\u0117tekio_pagrindine.pdf\"><strong>VILNIAUS R. BEZDONI\u0172 \u201eSAUL\u0116TEKIO\u201c PAGRINDIN\u0116S MOKYKLOS DIREKTORIAUS ALGIMANTO BARANAUSKO 2018 MET\u0172 VEIKLOS ATASKAITA<\/strong><\/a><\/li>\n<li><a href=\"https:\/\/www.sauletekio.vilniausr.lm.lt\/wp-content\/uploads\/2018\/04\/VEIKLOS_ATASKAITA_2017m..docx\"><strong>VILNIAUS R. BEZDONI\u0172 \u201eSAUL\u0116TEKIO\u201c PAGRINDIN\u0116S MOKYKLOS DIREKTORIAUS ALGIMANTO BARANAUSKO 2017 MET\u0172 VEIKLOS ATASKAITA<\/strong><\/a><\/li>\n<li><a href=\"https:\/\/www.sauletekio.vilniausr.lm.lt\/wp-content\/uploads\/2017\/06\/Direktoriaus-veiklos-ataskaita-u\u017e-2016-m.-2-priedas.docx\"><strong>VILNIAUS R. BEZDONI\u0172 \u201eSAUL\u0116TEKIO\u201c PAGRINDIN\u0116S MOKYKLOS DIREKTORIAUS ALGIMANTO BARANAUSKO 2016 MET\u0172 VEIKLOS ATASKAITA<\/strong><\/a><\/li>\n<li><a href=\"https:\/\/www.sauletekio.vilniausr.lm.lt\/wp-content\/uploads\/2016\/05\/Direkt_VEIKLOS_ATASKAITA_2016m..docx\"><strong>VILNIAUS R. BEZDONI\u0172 \u201eSAUL\u0116TEKIO\u201c PAGRINDIN\u0116S MOKYKLOS DIREKTORIAUS ALGIMANTO BARANAUSKO 2015 MET\u0172 VEIKLOS ATASKAITA<\/strong><\/a><\/li>\n<\/ol>\n","protected":false},"excerpt":{"rendered":"<p>VILNIAUS R. BEZDONI\u0172 \u201eSAUL\u0116TEKIO\u201c PAGRINDIN\u0116S MOKYKLOS DIREKTORIAUS ALGIMANTO BARANAUSKO 2021 MET\u0172 VEIKLOS ATASKAITA VILNIAUS R. BEZDONI\u0172 \u201eSAUL\u0116TEKIO\u201c PAGRINDIN\u0116S MOKYKLOS DIREKTORIAUS ALGIMANTO BARANAUSKO 2020 MET\u0172 VEIKLOS ATASKAITA VILNIAUS R. BEZDONI\u0172 \u201eSAUL\u0116TEKIO\u201c PAGRINDIN\u0116S MOKYKLOS DIREKTORIAUS ALGIMANTO BARANAUSKO 2019 MET\u0172 VEIKLOS ATASKAITA VILNIAUS R. BEZDONI\u0172 \u201eSAUL\u0116TEKIO\u201c PAGRINDIN\u0116S MOKYKLOS DIREKTORIAUS ALGIMANTO BARANAUSKO 2018 MET\u0172&#8230;<\/p>\n<p> <a class=\"continue-reading-link\" href=\"https:\/\/www.sauletekio.vilniausr.lm.lt\/?page_id=3999\"><span>T\u0119sti skaitym\u0105<\/span><i class=\"crycon-right-dir\"><\/i><\/a> <\/p>\n","protected":false},"author":1,"featured_media":0,"parent":1347,"menu_order":0,"comment_status":"closed","ping_status":"closed","template":"","meta":{"_uag_custom_page_level_css":"","advgb_blocks_editor_width":"","advgb_blocks_columns_visual_guide":"","ngg_post_thumbnail":0,"footnotes":""},"class_list":["post-3999","page","type-page","status-publish","hentry"],"uagb_featured_image_src":{"full":false,"thumbnail":false,"medium":false,"medium_large":false,"large":false,"1536x1536":false,"2048x2048":false,"post-thumbnail":false,"header":false,"slider":false,"columns":false,"custom":false},"uagb_author_info":{"display_name":"admin","author_link":"https:\/\/www.sauletekio.vilniausr.lm.lt\/?author=1"},"uagb_comment_info":0,"uagb_excerpt":"VILNIAUS R. BEZDONI\u0172 \u201eSAUL\u0116TEKIO\u201c PAGRINDIN\u0116S MOKYKLOS DIREKTORIAUS ALGIMANTO BARANAUSKO 2021 MET\u0172 VEIKLOS ATASKAITA VILNIAUS R. BEZDONI\u0172 \u201eSAUL\u0116TEKIO\u201c PAGRINDIN\u0116S MOKYKLOS DIREKTORIAUS ALGIMANTO BARANAUSKO 2020 MET\u0172 VEIKLOS ATASKAITA VILNIAUS R. BEZDONI\u0172 \u201eSAUL\u0116TEKIO\u201c PAGRINDIN\u0116S MOKYKLOS DIREKTORIAUS ALGIMANTO BARANAUSKO 2019 MET\u0172 VEIKLOS ATASKAITA VILNIAUS R. BEZDONI\u0172 \u201eSAUL\u0116TEKIO\u201c PAGRINDIN\u0116S MOKYKLOS DIREKTORIAUS ALGIMANTO BARANAUSKO 2018 MET\u0172... T\u0119sti skaitym\u0105","coauthors":[],"author_meta":{"author_link":"https:\/\/www.sauletekio.vilniausr.lm.lt\/?author=1","display_name":"admin"},"relative_dates":{"created":"Posted 10 met\u0173 ago","modified":"Updated 4 metai ago"},"absolute_dates":{"created":"Posted on 2016-05-30","modified":"Updated on 2022-01-26"},"absolute_dates_time":{"created":"Posted on 2016-05-30 12:14","modified":"Updated on 2022-01-26 15:55"},"featured_img_caption":"","featured_img":false,"series_order":"","_links":{"self":[{"href":"https:\/\/www.sauletekio.vilniausr.lm.lt\/index.php?rest_route=\/wp\/v2\/pages\/3999","targetHints":{"allow":["GET"]}}],"collection":[{"href":"https:\/\/www.sauletekio.vilniausr.lm.lt\/index.php?rest_route=\/wp\/v2\/pages"}],"about":[{"href":"https:\/\/www.sauletekio.vilniausr.lm.lt\/index.php?rest_route=\/wp\/v2\/types\/page"}],"author":[{"embeddable":true,"href":"https:\/\/www.sauletekio.vilniausr.lm.lt\/index.php?rest_route=\/wp\/v2\/users\/1"}],"replies":[{"embeddable":true,"href":"https:\/\/www.sauletekio.vilniausr.lm.lt\/index.php?rest_route=%2Fwp%2Fv2%2Fcomments&post=3999"}],"version-history":[{"count":14,"href":"https:\/\/www.sauletekio.vilniausr.lm.lt\/index.php?rest_route=\/wp\/v2\/pages\/3999\/revisions"}],"predecessor-version":[{"id":14562,"href":"https:\/\/www.sauletekio.vilniausr.lm.lt\/index.php?rest_route=\/wp\/v2\/pages\/3999\/revisions\/14562"}],"up":[{"embeddable":true,"href":"https:\/\/www.sauletekio.vilniausr.lm.lt\/index.php?rest_route=\/wp\/v2\/pages\/1347"}],"wp:attachment":[{"href":"https:\/\/www.sauletekio.vilniausr.lm.lt\/index.php?rest_route=%2Fwp%2Fv2%2Fmedia&parent=3999"}],"curies":[{"name":"wp","href":"https:\/\/api.w.org\/{rel}","templated":true}]}}