{"id":78,"date":"2011-01-25T19:14:57","date_gmt":"2011-01-25T17:14:57","guid":{"rendered":"http:\/\/127.0.0.1\/wordpress\/wordpress\/?page_id=78"},"modified":"2023-05-23T20:02:34","modified_gmt":"2023-05-23T18:02:34","slug":"renginiu-planas","status":"publish","type":"page","link":"https:\/\/www.sauletekio.vilniausr.lm.lt\/?page_id=78","title":{"rendered":"Tradicijos"},"content":{"rendered":"<div class=\"fcbkbttn_buttons_block\" id=\"fcbkbttn_left\"><div class=\"fcbkbttn_like \"><fb:like href=\"https:\/\/www.sauletekio.vilniausr.lm.lt\/?page_id=78\" action=\"like\" colorscheme=\"light\" layout=\"button_count\"  size=\"small\"><\/fb:like><\/div><div class=\"fb-share-button  \" data-href=\"https:\/\/www.sauletekio.vilniausr.lm.lt\/?page_id=78\" data-type=\"button_count\" data-size=\"small\"><\/div><\/div>\n<p><strong>Tradiciniai m\u016bs\u0173 mokyklos renginiai:<\/strong><\/p>\n\n\n\n<p>Mokslo ir \u017eini\u0173 diena;<br>Mokytoj\u0173 diena;<br>Kal\u0117diniai renginiai;<br>Sporto \u0161vent\u0117;<br>\u0160eimos \/ bendruomen\u0117s diena;<br>Ketvirtok\u0173 i\u0161leistuv\u0117s;<br>Mokslo met\u0173 u\u017edarymo \u0161vent\u0117;<br>De\u0161imtok\u0173 i\u0161leistuv\u0117s.<\/p>\n","protected":false},"excerpt":{"rendered":"<p>Tradiciniai m\u016bs\u0173 mokyklos renginiai: Mokslo ir \u017eini\u0173 diena;Mokytoj\u0173 diena;Kal\u0117diniai renginiai;Sporto \u0161vent\u0117;\u0160eimos \/ bendruomen\u0117s diena;Ketvirtok\u0173 i\u0161leistuv\u0117s;Mokslo met\u0173 u\u017edarymo \u0161vent\u0117;De\u0161imtok\u0173 i\u0161leistuv\u0117s.<\/p>\n<p> <a class=\"continue-reading-link\" href=\"https:\/\/www.sauletekio.vilniausr.lm.lt\/?page_id=78\"><span>T\u0119sti skaitym\u0105<\/span><i class=\"crycon-right-dir\"><\/i><\/a> <\/p>\n","protected":false},"author":1,"featured_media":0,"parent":2,"menu_order":3,"comment_status":"closed","ping_status":"closed","template":"","meta":{"_uag_custom_page_level_css":"","advgb_blocks_editor_width":"","advgb_blocks_columns_visual_guide":"","ngg_post_thumbnail":0,"footnotes":""},"class_list":["post-78","page","type-page","status-publish","hentry"],"uagb_featured_image_src":{"full":false,"thumbnail":false,"medium":false,"medium_large":false,"large":false,"1536x1536":false,"2048x2048":false,"post-thumbnail":false,"header":false,"slider":false,"columns":false,"custom":false},"uagb_author_info":{"display_name":"admin","author_link":"https:\/\/www.sauletekio.vilniausr.lm.lt\/?author=1"},"uagb_comment_info":0,"uagb_excerpt":"Tradiciniai m\u016bs\u0173 mokyklos renginiai: Mokslo ir \u017eini\u0173 diena;Mokytoj\u0173 diena;Kal\u0117diniai renginiai;Sporto \u0161vent\u0117;\u0160eimos \/ bendruomen\u0117s diena;Ketvirtok\u0173 i\u0161leistuv\u0117s;Mokslo met\u0173 u\u017edarymo \u0161vent\u0117;De\u0161imtok\u0173 i\u0161leistuv\u0117s. T\u0119sti skaitym\u0105","coauthors":[],"author_meta":{"author_link":"https:\/\/www.sauletekio.vilniausr.lm.lt\/?author=1","display_name":"admin"},"relative_dates":{"created":"Posted 15 met\u0173 ago","modified":"Updated 3 metai ago"},"absolute_dates":{"created":"Posted on 2011-01-25","modified":"Updated on 2023-05-23"},"absolute_dates_time":{"created":"Posted on 2011-01-25 19:14","modified":"Updated on 2023-05-23 20:02"},"featured_img_caption":"","featured_img":false,"series_order":"","_links":{"self":[{"href":"https:\/\/www.sauletekio.vilniausr.lm.lt\/index.php?rest_route=\/wp\/v2\/pages\/78","targetHints":{"allow":["GET"]}}],"collection":[{"href":"https:\/\/www.sauletekio.vilniausr.lm.lt\/index.php?rest_route=\/wp\/v2\/pages"}],"about":[{"href":"https:\/\/www.sauletekio.vilniausr.lm.lt\/index.php?rest_route=\/wp\/v2\/types\/page"}],"author":[{"embeddable":true,"href":"https:\/\/www.sauletekio.vilniausr.lm.lt\/index.php?rest_route=\/wp\/v2\/users\/1"}],"replies":[{"embeddable":true,"href":"https:\/\/www.sauletekio.vilniausr.lm.lt\/index.php?rest_route=%2Fwp%2Fv2%2Fcomments&post=78"}],"version-history":[{"count":28,"href":"https:\/\/www.sauletekio.vilniausr.lm.lt\/index.php?rest_route=\/wp\/v2\/pages\/78\/revisions"}],"predecessor-version":[{"id":16413,"href":"https:\/\/www.sauletekio.vilniausr.lm.lt\/index.php?rest_route=\/wp\/v2\/pages\/78\/revisions\/16413"}],"up":[{"embeddable":true,"href":"https:\/\/www.sauletekio.vilniausr.lm.lt\/index.php?rest_route=\/wp\/v2\/pages\/2"}],"wp:attachment":[{"href":"https:\/\/www.sauletekio.vilniausr.lm.lt\/index.php?rest_route=%2Fwp%2Fv2%2Fmedia&parent=78"}],"curies":[{"name":"wp","href":"https:\/\/api.w.org\/{rel}","templated":true}]}}