{"id":9882,"date":"2019-09-06T09:23:09","date_gmt":"2019-09-06T07:23:09","guid":{"rendered":"https:\/\/www.sauletekio.vilniausr.lm.lt\/?page_id=9882"},"modified":"2024-12-13T17:40:34","modified_gmt":"2024-12-13T14:40:34","slug":"korupcijos-prevencija","status":"publish","type":"page","link":"https:\/\/www.sauletekio.vilniausr.lm.lt\/?page_id=9882","title":{"rendered":"Korupcijos prevencija"},"content":{"rendered":"<div class=\"fcbkbttn_buttons_block\" id=\"fcbkbttn_left\"><div class=\"fcbkbttn_like \"><fb:like href=\"https:\/\/www.sauletekio.vilniausr.lm.lt\/?page_id=9882\" action=\"like\" colorscheme=\"light\" layout=\"button_count\"  size=\"small\"><\/fb:like><\/div><div class=\"fb-share-button  \" data-href=\"https:\/\/www.sauletekio.vilniausr.lm.lt\/?page_id=9882\" data-type=\"button_count\" data-size=\"small\"><\/div><\/div>\n<p><a href=\"https:\/\/www.sauletekio.vilniausr.lm.lt\/wp-content\/uploads\/2022\/12\/APGAULES-IR-KORUPCIJOS-PREVENCIJOS-POLITIKA.pdf\" target=\"_blank\" rel=\"noreferrer noopener\">APGAUL\u0116S IR KORUPCIJOS PREVENCIJOS POLITIKA<\/a><\/p>\n\n\n\n<p>U\u017e korupcijos prevencij\u0105 mokykloje atsakinga (-s) socialin\u0117 pedagog\u0117, Milda Da\u0161kevi\u010dien\u0117, tel.: (8 5) 269 6422, el. pa\u0161tas: milda.daskeviciene@bezdoniusauletekio.lt <\/p>\n\n\n\n<p>mokykla, \u012fgyvendindama korupcijos prevencijos priemones, vadovaujasi mokyklos korupcijos prevencijos tvarkos apra\u0161u (<a href=\"https:\/\/www.sauletekio.vilniausr.lm.lt\/wp-content\/uploads\/2022\/10\/Vilniaus-r.-Bezdoniu-Sauletekio-pagrindines-mokyklos-apgaules-ir-korupcijos-prevencijos-politika.pdf\" target=\"_blank\" rel=\"noreferrer noopener\">pridedama<\/a>)<\/p>\n\n\n\n<p>Lietuvos Respublikos korupcijos prevencijos \u012fstatymas<br><a href=\"https:\/\/www.e-tar.lt\/portal\/lt\/legalActEditions\/TAR.4DBDE27621A2?faces-redirect=true\">https:\/\/www.e-tar.lt\/portal\/lt\/legalActEditions\/TAR.4DBDE27621A2?faces-redirect=true<\/a><\/p>\n\n\n\n<p>Lietuvos Respublikos nacionalin\u0117 kovos su korupcija 2015\u20132025 met\u0173 programa <br><a href=\"https:\/\/www.e-tar.lt\/portal\/lt\/legalAct\/25c529d0cbcd11e4aaa0e90fce879681\">https:\/\/www.e-tar.lt\/portal\/lt\/legalAct\/25c529d0cbcd11e4aaa0e90fce879681<\/a><\/p>\n\n\n\n<p>Vadovaujantis Lietuvos Respublikos korupcijos prevencijos \u012fstatymo III skyriaus nuostatomis ir 17 str. 5 dalimi, \u0161vietimo \u012fstaigos pareigyb\u0117s, d\u0117l kuri\u0173 teikiamas pra\u0161ymas Speciali\u0173j\u0173 tyrim\u0173 tarnybai pateikti informacij\u0105: direktoriaus pavaduotojas ugdymui, direktoriaus pavaduotojas \u016bkiui, \u016bkio ved\u0117jas, ra\u0161tin\u0117s ved\u0117jas, \u2026. (pridedamas mokyklos \u012fsakymas)<\/p>\n\n\n\n<p><strong>Apie \u012ftariamus korupcijos atvejus taip pat galite prane\u0161ti:<\/strong><\/p>\n\n\n\n<p>Lietuvos Respublikos speciali\u0173j\u0173 tyrim\u0173 tarnyba <a href=\"https:\/\/www.stt.lt\">https:\/\/www.stt.lt<\/a><\/p>\n\n\n\n<p>Kaip prane\u0161ti apie korupcij\u0105 <a href=\"https:\/\/www.stt.lt\/pateikti-pranesima-apie-korupcija\/7425\">https:\/\/www.stt.lt\/pateikti-pranesima-apie-korupcija\/7425<\/a><\/p>\n\n\n\n<p>Skelbiama informacija apie \u012fstaigos vadovo patvirtint\u0105 korupcijos prevencijos program\u0105 ir jos vykdym\u0105; korupcijos pasirei\u0161kimo tikimyb\u0119; korupcijos rizikos analiz\u0119 ir joje nurodyt\u0173 pasi\u016blym\u0173 vykdym\u0105; kur ir kaip prane\u0161ti apie korupcij\u0105;<br><a href=\"https:\/\/e-seimas.lrs.lt\/portal\/legalAct\/lt\/TAD\/TAIS.168154\" target=\"_blank\" rel=\"noreferrer noopener\">Lietuvos Respublikos korupcijos prevencijos \u012fstatymas patvirtintas<\/a><br><a href=\"https:\/\/e-seimas.lrs.lt\/portal\/legalAct\/lt\/TAD\/TAIS.168154\" target=\"_blank\" rel=\"noreferrer noopener\">Lietuvos Respublikos Seimo 2002 m. gegu\u017e\u0117s 28 d. Nr. IX-904<\/a><\/p>\n\n\n\n<p><a href=\"https:\/\/www.e-tar.lt\/portal\/lt\/legalAct\/25c529d0cbcd11e4aaa0e90fce879681\" target=\"_blank\" rel=\"noreferrer noopener\">Lietuvos Respublikos nacionalin\u0117s kovos su korupcija 2015\u20132025 met\u0173 programa, patvirtinta Lietuvos Respublikos Seimo 2015 m. kovo 10 d. nutarimu Nr. XII-1537<\/a><\/p>\n\n\n\n<p><a href=\"https:\/\/www.stt.lt\/lt\/praneskite-apie-korupcija\/palikite-pranesima-cia\" target=\"_blank\" rel=\"noreferrer noopener\">Kaip prane\u0161ti apie korupcij\u0105<\/a><\/p>\n\n\n\n<p><a href=\"https:\/\/www.sauletekio.vilniausr.lm.lt\/wp-content\/uploads\/2024\/12\/Atmintine.2024.12.pdf\" data-type=\"link\" data-id=\"https:\/\/www.sauletekio.vilniausr.lm.lt\/wp-content\/uploads\/2024\/12\/Atmintine.2024.12.pdf\" target=\"_blank\" rel=\"noreferrer noopener\">Dovan\u0173 nepri\u0117mimo tvarka<\/a><\/p>\n\n\n<iframe loading=\"lazy\" class=\"embed-pdf-viewer\" src=\"https:\/\/www.sauletekio.vilniausr.lm.lt\/wp-content\/uploads\/2024\/12\/Atmintine.2024.12.pdf\" height=\"600\" width=\"1500\" title=\"Atmintine.2024.12.\"><\/iframe>","protected":false},"excerpt":{"rendered":"<p>APGAUL\u0116S IR KORUPCIJOS PREVENCIJOS POLITIKA U\u017e korupcijos prevencij\u0105 mokykloje atsakinga (-s) socialin\u0117 pedagog\u0117, Milda Da\u0161kevi\u010dien\u0117, tel.: (8 5) 269 6422, el. pa\u0161tas: milda.daskeviciene@bezdoniusauletekio.lt mokykla, \u012fgyvendindama korupcijos prevencijos priemones, vadovaujasi mokyklos korupcijos prevencijos tvarkos apra\u0161u (pridedama) Lietuvos Respublikos korupcijos prevencijos \u012fstatymashttps:\/\/www.e-tar.lt\/portal\/lt\/legalActEditions\/TAR.4DBDE27621A2?faces-redirect=true Lietuvos Respublikos nacionalin\u0117 kovos su korupcija 2015\u20132025 met\u0173 programa https:\/\/www.e-tar.lt\/portal\/lt\/legalAct\/25c529d0cbcd11e4aaa0e90fce879681&#8230;<\/p>\n<p> <a class=\"continue-reading-link\" href=\"https:\/\/www.sauletekio.vilniausr.lm.lt\/?page_id=9882\"><span>T\u0119sti skaitym\u0105<\/span><i class=\"crycon-right-dir\"><\/i><\/a> <\/p>\n","protected":false},"author":1,"featured_media":0,"parent":0,"menu_order":4,"comment_status":"closed","ping_status":"closed","template":"","meta":{"_uag_custom_page_level_css":"","advgb_blocks_editor_width":"","advgb_blocks_columns_visual_guide":"","ngg_post_thumbnail":0,"footnotes":""},"class_list":["post-9882","page","type-page","status-publish","hentry"],"uagb_featured_image_src":{"full":false,"thumbnail":false,"medium":false,"medium_large":false,"large":false,"1536x1536":false,"2048x2048":false,"post-thumbnail":false,"header":false,"slider":false,"columns":false,"custom":false},"uagb_author_info":{"display_name":"admin","author_link":"https:\/\/www.sauletekio.vilniausr.lm.lt\/?author=1"},"uagb_comment_info":0,"uagb_excerpt":"APGAUL\u0116S IR KORUPCIJOS PREVENCIJOS POLITIKA U\u017e korupcijos prevencij\u0105 mokykloje atsakinga (-s) socialin\u0117 pedagog\u0117, Milda Da\u0161kevi\u010dien\u0117, tel.: (8 5) 269 6422, el. pa\u0161tas: milda.daskeviciene@bezdoniusauletekio.lt mokykla, \u012fgyvendindama korupcijos prevencijos priemones, vadovaujasi mokyklos korupcijos prevencijos tvarkos apra\u0161u (pridedama) Lietuvos Respublikos korupcijos prevencijos \u012fstatymashttps:\/\/www.e-tar.lt\/portal\/lt\/legalActEditions\/TAR.4DBDE27621A2?faces-redirect=true Lietuvos Respublikos nacionalin\u0117 kovos su korupcija 2015\u20132025 met\u0173 programa https:\/\/www.e-tar.lt\/portal\/lt\/legalAct\/25c529d0cbcd11e4aaa0e90fce879681... T\u0119sti skaitym\u0105","coauthors":[],"author_meta":{"author_link":"https:\/\/www.sauletekio.vilniausr.lm.lt\/?author=1","display_name":"admin"},"relative_dates":{"created":"Posted 7 metai ago","modified":"Updated 1 metai ago"},"absolute_dates":{"created":"Posted on 2019-09-06","modified":"Updated on 2024-12-13"},"absolute_dates_time":{"created":"Posted on 2019-09-06 9:23","modified":"Updated on 2024-12-13 17:40"},"featured_img_caption":"","featured_img":false,"series_order":"","_links":{"self":[{"href":"https:\/\/www.sauletekio.vilniausr.lm.lt\/index.php?rest_route=\/wp\/v2\/pages\/9882","targetHints":{"allow":["GET"]}}],"collection":[{"href":"https:\/\/www.sauletekio.vilniausr.lm.lt\/index.php?rest_route=\/wp\/v2\/pages"}],"about":[{"href":"https:\/\/www.sauletekio.vilniausr.lm.lt\/index.php?rest_route=\/wp\/v2\/types\/page"}],"author":[{"embeddable":true,"href":"https:\/\/www.sauletekio.vilniausr.lm.lt\/index.php?rest_route=\/wp\/v2\/users\/1"}],"replies":[{"embeddable":true,"href":"https:\/\/www.sauletekio.vilniausr.lm.lt\/index.php?rest_route=%2Fwp%2Fv2%2Fcomments&post=9882"}],"version-history":[{"count":9,"href":"https:\/\/www.sauletekio.vilniausr.lm.lt\/index.php?rest_route=\/wp\/v2\/pages\/9882\/revisions"}],"predecessor-version":[{"id":19991,"href":"https:\/\/www.sauletekio.vilniausr.lm.lt\/index.php?rest_route=\/wp\/v2\/pages\/9882\/revisions\/19991"}],"wp:attachment":[{"href":"https:\/\/www.sauletekio.vilniausr.lm.lt\/index.php?rest_route=%2Fwp%2Fv2%2Fmedia&parent=9882"}],"curies":[{"name":"wp","href":"https:\/\/api.w.org\/{rel}","templated":true}]}}